000
CDUS41 KOKX 260619
CLIEWR

CLIMATE REPORT
NATIONAL WEATHER SERVICE NEW YORK, NY
219 AM EDT MON SEP 26 2022

...................................

...THE NEWARK NJ CLIMATE SUMMARY FOR SEPTEMBER 25 2022...

CLIMATE NORMAL PERIOD 1991 TO 2020
CLIMATE RECORD PERIOD 1931 TO 2022


WEATHER ITEM   OBSERVED TIME   RECORD YEAR NORMAL DEPARTURE LAST
                VALUE   (LST)  VALUE       VALUE  FROM      YEAR
                                                  NORMAL
...................................................................
TEMPERATURE (F)
 YESTERDAY
  MAXIMUM         76    148 PM  91    1970  74      2       79
  MINIMUM         58    549 AM  39    1950  57      1       58
  AVERAGE         67                        66      1       69

PRECIPITATION (IN)
  YESTERDAY        1.44          2.15 1940   0.12   1.32     0.00
  MONTH TO DATE    3.73                      3.16   0.57    10.32
  SINCE SEP 1      3.73                      3.16   0.57    10.32
  SINCE JAN 1     27.28                     34.68  -7.40    47.86

SNOWFALL (IN)
  YESTERDAY        0.0           0.0  2001   0.0    0.0      0.0
                                      2002
  MONTH TO DATE    0.0                       0.0    0.0      0.0
  SINCE SEP 1      0.0                       0.0    0.0      0.0
  SINCE JUL 1      0.0                       0.0    0.0       T
  SNOW DEPTH       0

DEGREE DAYS
 HEATING
  YESTERDAY        0                         2     -2        0
  MONTH TO DATE   13                        17     -4        0
  SINCE SEP 1     13                        17     -4        0
  SINCE JUL 1     13                        18     -5        0

 COOLING
  YESTERDAY        2                         3     -1        4
  MONTH TO DATE  181                       148     33      219
  SINCE SEP 1    181                       148     33      219
  SINCE JAN 1   1636                      1237    399     1581
...................................................................


WIND (MPH)
  HIGHEST WIND SPEED    14   HIGHEST WIND DIRECTION     W (250)
  HIGHEST GUST SPEED    20   HIGHEST GUST DIRECTION     W (260)
  AVERAGE WIND SPEED     7.2


SKY COVER
  AVERAGE SKY COVER 0.9


WEATHER CONDITIONS
THE FOLLOWING WEATHER WAS RECORDED YESTERDAY.
  THUNDERSTORM
  HEAVY RAIN
  RAIN
  LIGHT RAIN
  FOG


RELATIVE HUMIDITY (PERCENT)
 HIGHEST   100           900 PM
 LOWEST     48          1200 PM
 AVERAGE    74

..........................................................


THE NEWARK NJ CLIMATE NORMALS FOR TODAY
                         NORMAL    RECORD    YEAR
 MAXIMUM TEMPERATURE (F)   74        90      1958
                                             2007
 MINIMUM TEMPERATURE (F)   57        40      1940


SUNRISE AND SUNSET
SEPTEMBER 26 2022.....SUNRISE   648 AM EDT   SUNSET   647 PM EDT
SEPTEMBER 27 2022.....SUNRISE   649 AM EDT   SUNSET   645 PM EDT


-  INDICATES NEGATIVE NUMBERS.
R  INDICATES RECORD WAS SET OR TIED.
MM INDICATES DATA IS MISSING.
T  INDICATES TRACE AMOUNT.




$$
