000
CDUS43 KIND 010531
CLIEYE

CLIMATE REPORT
NATIONAL WEATHER SERVICE INDIANAPOLIS IN
131 AM EDT SAT OCT 01 2022

...................................

...THE INDIANAPOLIS EAGLE CREEK IN CLIMATE SUMMARY FOR SEPTEMBER 30 2022...

CLIMATE NORMAL PERIOD 1991 TO 2020
CLIMATE RECORD PERIOD 9999 TO 9999


WEATHER ITEM   OBSERVED TIME   NORMAL DEPARTURE LAST
                VALUE   (LST)  VALUE  FROM      YEAR
                                      NORMAL
.......................................................
TEMPERATURE (F)
 YESTERDAY
  MAXIMUM         70    425 PM  73     -3       80
  MINIMUM         45    654 AM  52     -7       60
  AVERAGE         58            62     -4       70

PRECIPITATION (IN)
  YESTERDAY        0.00          0.10  -0.10     0.00
  MONTH TO DATE    2.11          2.57  -0.46     1.06
  SINCE SEP 1      2.11          2.57  -0.46     1.06
  SINCE JAN 1     29.16         31.50  -2.34    27.15

DEGREE DAYS
 HEATING
  YESTERDAY        7             5      2        0
  MONTH TO DATE   65            54     11       22
  SINCE SEP 1     65            54     11       22
  SINCE JUL 1     65            57      8       22

 COOLING
  YESTERDAY        0             2     -2        5
  MONTH TO DATE  157           133     24      205
  SINCE SEP 1    157           133     24      205
  SINCE JAN 1   1375          1108    267     1308
.......................................................


WIND (MPH)
  HIGHEST WIND SPEED    14   HIGHEST WIND DIRECTION    NE (40)
  HIGHEST GUST SPEED    20   HIGHEST GUST DIRECTION    NE (50)
  AVERAGE WIND SPEED     6.3


SKY COVER
  AVERAGE SKY COVER 0.0


WEATHER CONDITIONS
THE FOLLOWING WEATHER WAS RECORDED YESTERDAY.
  NO SIGNIFICANT WEATHER WAS OBSERVED.


RELATIVE HUMIDITY (PERCENT)
 HIGHEST    90           600 AM
 LOWEST     34           500 PM
 AVERAGE    62

..........................................................


THE INDIANAPOLIS EAGLE CREEK IN CLIMATE NORMALS FOR TODAY
                         NORMAL    RECORD    YEAR
 MAXIMUM TEMPERATURE (F)   72        MM        MM
 MINIMUM TEMPERATURE (F)   51        MM        MM


SUNRISE AND SUNSET
OCTOBER  1 2022.......SUNRISE   741 AM EDT   SUNSET   727 PM EDT
OCTOBER  2 2022.......SUNRISE   742 AM EDT   SUNSET   726 PM EDT


-  INDICATES NEGATIVE NUMBERS.
R  INDICATES RECORD WAS SET OR TIED.
MM INDICATES DATA IS MISSING.
T  INDICATES TRACE AMOUNT.




$$
