000
CDUS42 KKEY 060530
CLIEYW

CLIMATE REPORT
NATIONAL WEATHER SERVICE KEY WEST FL
130 AM EDT THU OCT 06 2022

...................................

...THE KEY WEST CLIMATE SUMMARY FOR OCTOBER 5 2022...

CLIMATE NORMAL PERIOD 1991 TO 2020
CLIMATE RECORD PERIOD 1871 TO 2022


WEATHER ITEM   OBSERVED TIME   RECORD YEAR NORMAL DEPARTURE LAST
                VALUE   (LST)  VALUE       VALUE  FROM      YEAR
                                                  NORMAL
...................................................................
TEMPERATURE (F)
 YESTERDAY
  MAXIMUM         84    116 PM  93    1962  87     -3       86
  MINIMUM         73    629 AM  68    1889  78     -5       79
  AVERAGE         79                        83     -4       83

PRECIPITATION (IN)
  YESTERDAY        0.00          4.51 1948   0.21  -0.21     0.02
  MONTH TO DATE    0.00                      1.00  -1.00     0.05
  SINCE SEP 1     12.06                      8.24   3.82     2.58
  SINCE JAN 1     31.18                     31.56  -0.38    23.40

DEGREE DAYS
 HEATING
  YESTERDAY        0                         0      0        0
  MONTH TO DATE    0                         0      0        0
  SINCE SEP 1      0                         0      0        0
  SINCE JUL 1      0                         0      0        0

 COOLING
  YESTERDAY       14                        18     -4       18
  MONTH TO DATE   81                        90     -9       89
  SINCE SEP 1    640                       663    -23      657
  SINCE JAN 1   4135                      4099     36     4115
...................................................................


WIND (MPH)
  HIGHEST WIND SPEED    14   HIGHEST WIND DIRECTION     E (100)
  HIGHEST GUST SPEED    20   HIGHEST GUST DIRECTION    SE (120)
  AVERAGE WIND SPEED     6.4


SKY COVER
  POSSIBLE SUNSHINE  MM
  AVERAGE SKY COVER 0.2


WEATHER CONDITIONS
THE FOLLOWING WEATHER WAS RECORDED YESTERDAY.
  NO SIGNIFICANT WEATHER WAS OBSERVED.


RELATIVE HUMIDITY (PERCENT)
 HIGHEST   100
 LOWEST     67
 AVERAGE    84

..........................................................


THE KEY WEST CLIMATE NORMALS FOR TODAY
                         NORMAL    RECORD    YEAR
 MAXIMUM TEMPERATURE (F)   87        92      1962
 MINIMUM TEMPERATURE (F)   78        70      1910
                                             1946
                                             1992


SUNRISE AND SUNSET
OCTOBER  6 2022.......SUNRISE   721 AM EDT   SUNSET   709 PM EDT
OCTOBER  7 2022.......SUNRISE   721 AM EDT   SUNSET   708 PM EDT


-  INDICATES NEGATIVE NUMBERS.
R  INDICATES RECORD WAS SET OR TIED.
MM INDICATES DATA IS MISSING.
T  INDICATES TRACE AMOUNT.




$$
