000
CDAK49 PAFG 050951
CLIFAI

CLIMATE REPORT
NATIONAL WEATHER SERVICE FAIRBANKS AK
151 AM AKDT WED OCT 5 2022

...THE FAIRBANKS AK CLIMATE SUMMARY FOR OCTOBER 4 2022...

CLIMATE NORMAL PERIOD 1991 TO 2020
CLIMATE RECORD PERIOD 1904 TO 2022


WEATHER ITEM   OBSERVED TIME   RECORD YEAR NORMAL DEPARTURE LAST
                VALUE   (LST)  VALUE       VALUE  FROM      YEAR
                                                  NORMAL
...................................................................
TEMPERATURE (F)
 YESTERDAY
  MAXIMUM         57    431 PM  62    1923  44     13       35
  MINIMUM         30    721 AM   7    1972  28      2       21
  AVERAGE         44                        36      8       28

PRECIPITATION (IN)
  YESTERDAY        0.00          0.41 1960   0.03  -0.03     0.01
  MONTH TO DATE    0.19                      0.12   0.07     0.81
  SINCE SEP 1      1.64                      1.47   0.17     1.18
  SINCE JAN 1      6.95                      9.72  -2.77    12.10

SNOWFALL (IN)
  YESTERDAY        0.0           2.8  2014   0.1   -0.1       T
  MONTH TO DATE    0.0                       0.6   -0.6      6.7
  SINCE SEP 1      0.0                       2.9   -2.9      9.0
  SINCE JUL 1      0.0                       2.9   -2.9      9.0
  SNOW DEPTH       0

DEGREE DAYS
 HEATING
  YESTERDAY       21                        29     -8       37
  MONTH TO DATE   87                       112    -25      137
  SINCE SEP 1    596                       690    -94      758
  SINCE JUL 1    885                      1043   -158     1096

 COOLING
  YESTERDAY        0                         0      0        0
  MONTH TO DATE    0                         0      0        0
  SINCE SEP 1      0                         0      0        0
  SINCE JAN 1     83                        68     15      125
...................................................................


WIND (MPH)
  HIGHEST GUST SPEED    14   HIGHEST GUST DIRECTION    NE (50)


SKY COVER
  AVERAGE SKY COVER 0.5


WEATHER CONDITIONS
THE FOLLOWING WEATHER WAS RECORDED YESTERDAY.
  NO SIGNIFICANT WEATHER WAS OBSERVED.


RELATIVE HUMIDITY (PERCENT)
 HIGHEST    89
 LOWEST     40
 AVERAGE    65

..........................................................


THE FAIRBANKS AK CLIMATE NORMALS FOR TODAY
                         NORMAL    RECORD    YEAR
 MAXIMUM TEMPERATURE (F)   44        62      1923
 MINIMUM TEMPERATURE (F)   27         8      1920
                                             1970


SUNRISE AND SUNSET
OCTOBER 05 2022..........SUNRISE  814 AM AKDT   SUNSET  704 PM AKDT
OCTOBER 06 2022..........SUNRISE  817 AM AKDT   SUNSET  700 PM AKDT


-  INDICATES NEGATIVE NUMBERS.
R  INDICATES RECORD WAS SET OR TIED.
MM INDICATES DATA IS MISSING.
T  INDICATES TRACE AMOUNT.

&&

SNOW DEPTH IS MEASURED AT 3AM AKST/4AM AKDT

----------------------------
AVAILABLE DAYLIGHT

AMOUNT OF DAYLIGHT TODAY  (HOUR:MIN)........10:50
LOSS SINCE YESTERDAY........................7 MINUTES
----------------------------

$$
SDB OCT 22
