000
CDUS43 KFGF 260642
CLIFAR

CLIMATE REPORT
NATIONAL WEATHER SERVICE GRAND FORKS
142 AM CDT MON SEP 26 2022

...................................

...THE FARGO HECTOR INTL AP ND CLIMATE SUMMARY FOR SEPTEMBER 25 2022...

CLIMATE NORMAL PERIOD 1991 TO 2020
CLIMATE RECORD PERIOD 1881 TO 2022


WEATHER ITEM   OBSERVED TIME   RECORD YEAR NORMAL DEPARTURE LAST
                VALUE   (LST)  VALUE       VALUE  FROM      YEAR
                                                  NORMAL
...................................................................
TEMPERATURE (F)
 YESTERDAY
  MAXIMUM         68    211 PM  92    1885  68      0       77
  MINIMUM         43   1132 PM  22    1965  44     -1       41
  AVERAGE         56                        56      0       59

PRECIPITATION (IN)
  YESTERDAY        0.00          1.72 1901   0.08  -0.08     0.00
  MONTH TO DATE    0.49                      2.28  -1.79     2.73
  SINCE SEP 1      0.49                      2.28  -1.79     2.73
  SINCE JAN 1     18.54                     19.52  -0.98    12.78

SNOWFALL (IN)
  YESTERDAY        0.0           2.0  1912   0.0    0.0      0.0
  MONTH TO DATE    0.0                       0.0    0.0      0.0
  SINCE SEP 1      0.0                       0.0    0.0      0.0
  SINCE JUL 1      0.0                       0.0    0.0      0.0
  SNOW DEPTH       0

DEGREE DAYS
 HEATING
  YESTERDAY        9                        10     -1        6
  MONTH TO DATE  106                       144    -38       68
  SINCE SEP 1    106                       144    -38       68
  SINCE JUL 1    123                       193    -70       72

 COOLING
  YESTERDAY        0                         1     -1        0
  MONTH TO DATE   37                        47    -10       33
  SINCE SEP 1     37                        47    -10       33
  SINCE JAN 1    562                       536     26      825
...................................................................


WIND (MPH)
  HIGHEST WIND SPEED    29   HIGHEST WIND DIRECTION    NW (320)
  HIGHEST GUST SPEED    39   HIGHEST GUST DIRECTION    NW (320)
  AVERAGE WIND SPEED    15.1


SKY COVER
  POSSIBLE SUNSHINE  MM
  AVERAGE SKY COVER 0.1


WEATHER CONDITIONS
THE FOLLOWING WEATHER WAS RECORDED YESTERDAY.
  NO SIGNIFICANT WEATHER WAS OBSERVED.


RELATIVE HUMIDITY (PERCENT)
 HIGHEST    90           100 AM
 LOWEST     28           400 PM
 AVERAGE    59

..........................................................


THE FARGO HECTOR INTL AP ND CLIMATE NORMALS FOR TODAY
                         NORMAL    RECORD    YEAR
 MAXIMUM TEMPERATURE (F)   67        90      1974
                                             1979
 MINIMUM TEMPERATURE (F)   44        19      1965


SUNRISE AND SUNSET
SEPTEMBER 26 2022.....SUNRISE   719 AM CDT   SUNSET   717 PM CDT
SEPTEMBER 27 2022.....SUNRISE   721 AM CDT   SUNSET   715 PM CDT


-  INDICATES NEGATIVE NUMBERS.
R  INDICATES RECORD WAS SET OR TIED.
MM INDICATES DATA IS MISSING.
T  INDICATES TRACE AMOUNT.




$$
