000
CDUS46 KHNX 010826
CLIFAT

CLIMATE REPORT
NATIONAL WEATHER SERVICE
126 AM PDT SAT OCT 01 2022

...................................

...THE FRESNO CA CLIMATE SUMMARY FOR SEPTEMBER 30 2022...

CLIMATE NORMAL PERIOD 1991 TO 2020
CLIMATE RECORD PERIOD 1887 TO 2022


WEATHER ITEM   OBSERVED TIME   RECORD YEAR NORMAL DEPARTURE LAST
                VALUE   (LST)  VALUE       VALUE  FROM      YEAR
                                                  NORMAL
...................................................................
TEMPERATURE (F)
 YESTERDAY
  MAXIMUM         92    421 PM 101    2010  86      6       87
  MINIMUM         63    540 AM  37    1950  60      3       57
  AVERAGE         78                        73      5       72

PRECIPITATION (IN)
  YESTERDAY        0.00          0.73 1894   0.00   0.00     0.00
  MONTH TO DATE    0.06                      0.05   0.01      T
  SINCE OCT 1      6.40                     10.99  -4.59     6.59
  SINCE JAN 1      1.19                      7.77  -6.58     5.17

SNOWFALL (IN)
  YESTERDAY        0.0           0.0  2006   0.0
                                      2007
  MONTH TO DATE    0.0                       0.0
  SINCE SEP 1      0.0                       0.0
  SINCE JUL 1      0.0                       0.0

DEGREE DAYS
 HEATING
  YESTERDAY        0                         0      0        0
  MONTH TO DATE    0                         0      0        0
  SINCE SEP 1      0                         0      0        0
  SINCE JUL 1      0                         0      0        0

 COOLING
  YESTERDAY       13                         8      5        7
  MONTH TO DATE  519                       364    155      443
  SINCE SEP 1    519                       364    155      443
  SINCE JAN 1   2678                      2097    581     2702
...................................................................


WIND (MPH)
  RESULTANT WIND SPEED   3   RESULTANT WIND DIRECTION  NW (300)
  HIGHEST WIND SPEED    12   HIGHEST WIND DIRECTION    NW (300)
  HIGHEST GUST SPEED    13   HIGHEST GUST DIRECTION    NW (310)
  AVERAGE WIND SPEED     3.5


RELATIVE HUMIDITY (PERCENT)
 HIGHEST    70
 LOWEST     21
 AVERAGE    46

..........................................................


THE FRESNO CA CLIMATE NORMALS FOR TODAY
                         NORMAL    RECORD    YEAR
 MAXIMUM TEMPERATURE (F)   85       100      1980
                                             1987
 MINIMUM TEMPERATURE (F)   59        39      1971


SUNRISE AND SUNSET
OCTOBER  1 2022.......SUNRISE   654 AM PDT   SUNSET   642 PM PDT
OCTOBER  2 2022.......SUNRISE   655 AM PDT   SUNSET   641 PM PDT


-  INDICATES NEGATIVE NUMBERS.
R  INDICATES RECORD WAS SET OR TIED.
MM INDICATES DATA IS MISSING.
T  INDICATES TRACE AMOUNT.




$$
