000
CDUS42 KRAH 290526
CLIFAY

CLIMATE REPORT
NATIONAL WEATHER SERVICE RALEIGH NC
126 AM EDT THU SEP 29 2022

...................................

...THE FAYETTEVILLE NC CLIMATE SUMMARY FOR SEPTEMBER 28 2022...

CLIMATE NORMAL PERIOD 1991 TO 2020
CLIMATE RECORD PERIOD 1910 TO 2022


WEATHER ITEM   OBSERVED TIME   RECORD YEAR NORMAL DEPARTURE LAST
                VALUE   (LST)  VALUE       VALUE  FROM      YEAR
                                                  NORMAL
...................................................................
TEMPERATURE (F)
 YESTERDAY
  MAXIMUM         74    249 PM  95    1911  81     -7       87
                                      1933
                                      2017
  MINIMUM         53    638 AM  43    1943  61     -8       61
  AVERAGE         64                        71     -7       74

PRECIPITATION (IN)
  YESTERDAY        0.00          2.83 1970   0.16  -0.16     0.00
  MONTH TO DATE    1.19                      4.56  -3.37     3.89
  SINCE SEP 1      1.19                      4.56  -3.37     3.89
  SINCE JAN 1     25.98                     35.03  -9.05    33.07

DEGREE DAYS
 HEATING
  YESTERDAY        1                         1      0        0
  MONTH TO DATE    2                         3     -1        0
  SINCE SEP 1      2                         3     -1        0
  SINCE JUL 1      2                         3     -1        0

 COOLING
  YESTERDAY        0                         6     -6        9
  MONTH TO DATE  314                       272     42      286
  SINCE SEP 1    314                       272     42      286
  SINCE JAN 1   2243                      1945    298     1985
...................................................................


WIND (MPH)
  HIGHEST WIND SPEED    16   HIGHEST WIND DIRECTION     N (360)
  HIGHEST GUST SPEED    20   HIGHEST GUST DIRECTION     N (20)
  AVERAGE WIND SPEED     9.1


SKY COVER
  POSSIBLE SUNSHINE  MM
  AVERAGE SKY COVER 0.0


WEATHER CONDITIONS
THE FOLLOWING WEATHER WAS RECORDED YESTERDAY.
  NO SIGNIFICANT WEATHER WAS OBSERVED.


RELATIVE HUMIDITY (PERCENT)
 HIGHEST    69           700 AM
 LOWEST     31           400 PM
 AVERAGE    50

..........................................................


THE FAYETTEVILLE NC CLIMATE NORMALS FOR TODAY
                         NORMAL    RECORD    YEAR
 MAXIMUM TEMPERATURE (F)   80        96      2019
 MINIMUM TEMPERATURE (F)   60        41      1942
                                             1962


SUNRISE AND SUNSET
SEPTEMBER 29 2022.....SUNRISE   709 AM EDT   SUNSET   702 PM EDT
SEPTEMBER 30 2022.....SUNRISE   710 AM EDT   SUNSET   701 PM EDT


-  INDICATES NEGATIVE NUMBERS.
R  INDICATES RECORD WAS SET OR TIED.
MM INDICATES DATA IS MISSING.
T  INDICATES TRACE AMOUNT.




$$
