000
CDUS43 KFGF 260642
CLIFGF

CLIMATE REPORT
NATIONAL WEATHER SERVICE GRAND FORKS
142 AM CDT MON SEP 26 2022

...................................

...THE GRAND FORKS UNIV. (NWS) ND CLIMATE SUMMARY FOR SEPTEMBER 25 2022...

CLIMATE NORMAL PERIOD 1981 TO 2010
CLIMATE RECORD PERIOD 1893 TO 2022


WEATHER ITEM   OBSERVED TIME   RECORD YEAR NORMAL DEPARTURE LAST
                VALUE   (LST)  VALUE       VALUE  FROM      YEAR
                                                  NORMAL
...................................................................
TEMPERATURE (F)
 YESTERDAY
  MAXIMUM         68        MM  94    1938  65      3       79
  MINIMUM         47        MM  24    1926  42      5       42
                                      1939
  AVERAGE         58                        54      4       61

PRECIPITATION (IN)
  YESTERDAY        0.00          0.55 1933   0.06  -0.06     0.00
  MONTH TO DATE    0.43                      1.72  -1.29     1.28
  SINCE SEP 1      0.43                      1.72  -1.29     1.28
  SINCE JAN 1     21.57                     17.82   3.75    12.96

SNOWFALL (IN)
  YESTERDAY        0.0           0.0    MM   0.0    0.0      0.0
  MONTH TO DATE    0.0                       0.0    0.0      0.0
  SINCE SEP 1      0.0                       0.0    0.0      0.0
  SINCE JUL 1      0.0                       0.0    0.0      0.0
  SNOW DEPTH       0

DEGREE DAYS
 HEATING
  YESTERDAY        7                        12     -5        4
  MONTH TO DATE   96                       178    -82       77
  SINCE SEP 1     96                       178    -82       77
  SINCE JUL 1    109                       242   -133       92

 COOLING
  YESTERDAY        0                         0      0        0
  MONTH TO DATE   27                        28     -1       32
  SINCE SEP 1     27                        28     -1       32
  SINCE JAN 1    539                       460     79      766
...................................................................


WIND (MPH)
  HIGHEST WIND SPEED    MM   HIGHEST WIND DIRECTION    MM
  HIGHEST GUST SPEED    MM   HIGHEST GUST DIRECTION    MM
  AVERAGE WIND SPEED    MM


SKY COVER
  POSSIBLE SUNSHINE  MM
  AVERAGE SKY COVER  MM


WEATHER CONDITIONS
THE FOLLOWING WEATHER WAS RECORDED YESTERDAY.
  NO SIGNIFICANT WEATHER WAS OBSERVED.


RELATIVE HUMIDITY (PERCENT)
 HIGHEST    MM
 LOWEST     MM
 AVERAGE    MM

..........................................................


THE GRAND FORKS UNIV. (NWS) ND CLIMATE NORMALS FOR TODAY
                         NORMAL    RECORD    YEAR
 MAXIMUM TEMPERATURE (F)   65        91      1974
 MINIMUM TEMPERATURE (F)   42        14      1893


SUNRISE AND SUNSET
SEPTEMBER 26 2022.....SUNRISE   721 AM CDT   SUNSET   718 PM CDT
SEPTEMBER 27 2022.....SUNRISE   722 AM CDT   SUNSET   716 PM CDT


-  INDICATES NEGATIVE NUMBERS.
R  INDICATES RECORD WAS SET OR TIED.
MM INDICATES DATA IS MISSING.
T  INDICATES TRACE AMOUNT.




$$
