000
CDUS45 KFGZ 060052
CLIFLG

CLIMATE REPORT
NATIONAL WEATHER SERVICE FLAGSTAFF AZ
552 PM MST WED OCT 05 2022

...................................

...THE FLAGSTAFF AZ AIRPORT CLIMATE SUMMARY FOR OCTOBER 5 2022...
VALID TODAY AS OF 0500 PM LOCAL TIME.

CLIMATE NORMAL PERIOD 1991 TO 2020
CLIMATE RECORD PERIOD 1898 TO 2022


WEATHER ITEM   OBSERVED TIME   RECORD YEAR NORMAL DEPARTURE LAST
                VALUE   (LST)  VALUE       VALUE  FROM      YEAR
                                                  NORMAL
...................................................................
TEMPERATURE (F)
 TODAY
  MAXIMUM         69    338 PM  80    1975  68      1       57
                                      1991
                                      2020
  MINIMUM         35    627 AM  14    1969  35      0       39
  AVERAGE         52                        51      1       48

PRECIPITATION (IN)
  TODAY            0.00          1.80 1940   0.04  -0.04     1.07
  MONTH TO DATE    0.63                      0.23   0.40     1.07
  SINCE OCT 1      0.63                      0.23   0.40     1.07
  SINCE JAN 1     14.27                     15.78  -1.51    20.32

SNOWFALL (IN)
  TODAY            0.0           3.6  1912   0.0    0.0      0.0
  MONTH TO DATE    0.0                       0.1   -0.1      0.0
  SINCE SEP 1      0.0                       0.1   -0.1      0.0
  SNOW DEPTH       0

DEGREE DAYS
 HEATING
  TODAY           13                        14     -1       17
  MONTH TO DATE   50                        65    -15       79
  SINCE JUL 1    195                       336   -141      273

 COOLING
  TODAY            0                         0      0        0
  MONTH TO DATE    0                         0      0        0
  SINCE JAN 1    219                       146     73      251
...................................................................


WIND (MPH)
  HIGHEST WIND SPEED    15   HIGHEST WIND DIRECTION     E (70)
  HIGHEST GUST SPEED    21   HIGHEST GUST DIRECTION     E (70)
  AVERAGE WIND SPEED     4.4


SKY COVER
  POSSIBLE SUNSHINE  MM
  AVERAGE SKY COVER 0.2


WEATHER CONDITIONS
THE FOLLOWING WEATHER WAS RECORDED TODAY.
  NO SIGNIFICANT WEATHER WAS OBSERVED.


RELATIVE HUMIDITY (PERCENT)
 HIGHEST    92           300 AM
 LOWEST     35           300 PM
 AVERAGE    64

..........................................................


THE FLAGSTAFF AZ AIRPORT CLIMATE NORMALS FOR TOMORROW
                         NORMAL    RECORD    YEAR
 MAXIMUM TEMPERATURE (F)   67        81      1987
 MINIMUM TEMPERATURE (F)   35        18      1912


SUNRISE AND SUNSET
OCTOBER  5 2022.......SUNRISE   625 AM MST   SUNSET   605 PM MST
OCTOBER  6 2022.......SUNRISE   625 AM MST   SUNSET   603 PM MST


-  INDICATES NEGATIVE NUMBERS.
R  INDICATES RECORD WAS SET OR TIED.
MM INDICATES DATA IS MISSING.
T  INDICATES TRACE AMOUNT.




$$
