000
CDUS42 KMFL 052023
CLIFLL

CLIMATE REPORT
NATIONAL WEATHER SERVICE MIAMI, FL
423 PM EDT WED OCT 05 2022

...................................

...THE FORT LAUDERDALE CLIMATE SUMMARY FOR OCTOBER 5 2022...
VALID TODAY AS OF 0400 PM LOCAL TIME.

CLIMATE NORMAL PERIOD: 1991 TO 2020
CLIMATE RECORD PERIOD: 1912 TO 2022


WEATHER ITEM   OBSERVED TIME   RECORD YEAR NORMAL DEPARTURE LAST
                VALUE   (LST)  VALUE       VALUE  FROM      YEAR
                                                  NORMAL
...................................................................
TEMPERATURE (F)
 TODAY
  MAXIMUM         86  11:54 AM  94    1924  87     -1       87
  MINIMUM         73   6:49 AM  64    1938  76     -3       77
  AVERAGE         80                        82     -2       82

PRECIPITATION (IN)
  TODAY            0.00         10.45 1948   0.27  -0.27     0.00
  MONTH TO DATE    T                         1.38  -1.38     0.11
  SINCE JUN 1     20.07                     32.25 -12.18    26.57
  SINCE JAN 1     35.75                     48.49 -12.74    35.75

SNOWFALL (IN)
  TODAY            0.0
  MONTH TO DATE    0.0
  SINCE SEP 1      0.0
  SINCE JUL 1      0.0
  SNOW DEPTH       0

DEGREE DAYS
 HEATING
  TODAY            0                         0      0        0
  MONTH TO DATE    0                         0      0        0
  SINCE SEP 1      0                         0      0        0
  SINCE JUL 1      0                         0      0        0

 COOLING
  TODAY           15                        17     -2       17
  MONTH TO DATE   77                        85     -8       84
  SINCE SEP 1    638                       616     22      614
  SINCE JAN 1   4046                      3684    362     3912
...................................................................


WIND (MPH)
  HIGHEST WIND SPEED    16   HIGHEST WIND DIRECTION     E (70)
  HIGHEST GUST SPEED    21   HIGHEST GUST DIRECTION    NE (30)
  AVERAGE WIND SPEED     7.1


SKY COVER
  AVERAGE SKY COVER 0.6


WEATHER CONDITIONS
THE FOLLOWING WEATHER WAS RECORDED TODAY.
  NO SIGNIFICANT WEATHER WAS OBSERVED.


RELATIVE HUMIDITY (PERCENT)
 HIGHEST    87
 LOWEST     57
 AVERAGE    72

..........................................................


THE FORT LAUDERDALE CLIMATE NORMALS FOR TOMORROW
                         NORMAL    RECORD    YEAR
 MAXIMUM TEMPERATURE (F)   87        94      1925
 MINIMUM TEMPERATURE (F)   76        65      1913
                                             1992


SUNRISE AND SUNSET
OCTOBER  5 2022.......SUNRISE   7:15 AM EDT   SUNSET   7:03 PM EDT
OCTOBER  6 2022.......SUNRISE   7:15 AM EDT   SUNSET   7:02 PM EDT


-  INDICATES NEGATIVE NUMBERS.
R  INDICATES RECORD WAS SET OR TIED.
MM INDICATES DATA IS MISSING.
T  INDICATES TRACE AMOUNT.




$$
