000
CDUS42 KILM 060841
CLIFLO

CLIMATE REPORT
NATIONAL WEATHER SERVICE WILMINGTON NC
441 AM EDT THU OCT 06 2022

...................................

...THE FLORENCE SOUTH  CAROLINA CLIMATE SUMMARY FOR OCTOBER 5 2022...

CLIMATE NORMAL PERIOD 1991 TO 2020
CLIMATE RECORD PERIOD 1948 TO 2022


WEATHER ITEM   OBSERVED TIME   RECORD YEAR NORMAL DEPARTURE LAST
                VALUE   (LST)  VALUE       VALUE  FROM      YEAR
                                                  NORMAL
...................................................................
TEMPERATURE (F)
 YESTERDAY
  MAXIMUM         76    430 PM 100    1954  80     -4       87
  MINIMUM         45    636 AM  39    1968  59    -14       67
  AVERAGE         61                        70     -9       77

PRECIPITATION (IN)
  YESTERDAY        0.00          3.05 1964   0.14  -0.14     0.07
  MONTH TO DATE    T                         0.72  -0.72     0.12
  SINCE SEP 1      6.19                      5.25   0.94     2.53
  SINCE JAN 1     33.16                     36.50  -3.34    37.77

DEGREE DAYS
 HEATING
  YESTERDAY        4                         1      3        0
  MONTH TO DATE   14                         5      9        0
  SINCE SEP 1     22                        10     12        0
  SINCE JUL 1     22                        10     12        0

 COOLING
  YESTERDAY        0                         6     -6       12
  MONTH TO DATE    1                        31    -30       50
  SINCE SEP 1    317                       354    -37      396
  SINCE JAN 1   2343                      2161    182     2191
...................................................................


WIND (MPH)
  RESULTANT WIND SPEED   4   RESULTANT WIND DIRECTION  NW (320)
  HIGHEST WIND SPEED    14   HIGHEST WIND DIRECTION    NW (320)
  HIGHEST GUST SPEED    18   HIGHEST GUST DIRECTION     W (290)
  AVERAGE WIND SPEED     4.4


SKY COVER
  AVERAGE SKY COVER 0.0


WEATHER CONDITIONS
THE FOLLOWING WEATHER WAS RECORDED YESTERDAY.
  NO SIGNIFICANT WEATHER WAS OBSERVED.


RELATIVE HUMIDITY (PERCENT)
 HIGHEST    93          1200 AM
 LOWEST     34           300 PM
 AVERAGE    64

..........................................................


THE FLORENCE SOUTH  CAROLINA CLIMATE NORMALS FOR TODAY
                         NORMAL    RECORD    YEAR
 MAXIMUM TEMPERATURE (F)   80       102      1954
 MINIMUM TEMPERATURE (F)   59        42      1964


SUNRISE AND SUNSET
OCTOBER  6 2022.......SUNRISE   717 AM EDT   SUNSET   656 PM EDT
OCTOBER  7 2022.......SUNRISE   718 AM EDT   SUNSET   655 PM EDT


-  INDICATES NEGATIVE NUMBERS.
R  INDICATES RECORD WAS SET OR TIED.
MM INDICATES DATA IS MISSING.
T  INDICATES TRACE AMOUNT.




$$
