000
CDUS42 KTBW 060829
CLIFMY

CLIMATE REPORT
NATIONAL WEATHER SERVICE TAMPA BAY FL
429 AM EDT THU OCT 06 2022

...................................

...THE FORT MYERS CLIMATE SUMMARY FOR OCTOBER 5 2022...

CLIMATE NORMAL PERIOD: 1991 TO 2020
CLIMATE RECORD PERIOD: 1902 TO 2022


WEATHER ITEM   OBSERVED TIME   RECORD YEAR NORMAL DEPARTURE LAST
                VALUE   (LST)  VALUE       VALUE  FROM      YEAR
                                                  NORMAL
...................................................................
TEMPERATURE (F)
 YESTERDAY
  MAXIMUM         87   1:30 PM  94    1919  88     -1       93
  MINIMUM         67   6:43 AM  60    1916  72     -5       75
  AVERAGE         77                        80     -3       84

PRECIPITATION (IN)
  YESTERDAY        0.00          3.64 1921   0.14  -0.14     0.29
  MONTH TO DATE    0.00                      0.78  -0.78     0.29
  SINCE SEP 1     16.45                      9.78   6.67     9.32
  SINCE JAN 1     68.03                     51.43  16.60    48.24

DEGREE DAYS
 HEATING
  YESTERDAY        0                         0      0        0
  MONTH TO DATE    0                         0      0        0
  SINCE SEP 1      0                         0      0        0
  SINCE JUL 1      0                         0      0        0

 COOLING
  YESTERDAY       12                        15     -3       19
  MONTH TO DATE   52                        79    -27       89
  SINCE SEP 1    591                       593     -2      646
  SINCE JAN 1   3922                      3374    548     3685
...................................................................


WIND (MPH)
  RESULTANT WIND SPEED   7   RESULTANT WIND DIRECTION  NE (60)
  HIGHEST WIND SPEED    10   HIGHEST WIND DIRECTION    NE (60)
  HIGHEST GUST SPEED    MM   HIGHEST GUST DIRECTION    MM
  AVERAGE WIND SPEED     7.6


SKY COVER
  POSSIBLE SUNSHINE  MM
  AVERAGE SKY COVER 0.2


WEATHER CONDITIONS
THE FOLLOWING WEATHER WAS RECORDED YESTERDAY.
  NO SIGNIFICANT WEATHER WAS OBSERVED.


RELATIVE HUMIDITY (PERCENT)
 HIGHEST    MM
 LOWEST     MM

..........................................................


THE FORT MYERS CLIMATE NORMALS FOR TODAY
                         NORMAL    RECORD    YEAR
 MAXIMUM TEMPERATURE (F)   88        94      1991
                                             2021
 MINIMUM TEMPERATURE (F)   72        63      1964
                                             1992
                                             2014


SUNRISE AND SUNSET
OCTOBER  6 2022.......SUNRISE   7:22 AM EDT   SUNSET   7:08 PM EDT
OCTOBER  7 2022.......SUNRISE   7:23 AM EDT   SUNSET   7:07 PM EDT


-  INDICATES NEGATIVE NUMBERS.
R  INDICATES RECORD WAS SET OR TIED.
MM INDICATES DATA IS MISSING.
T  INDICATES TRACE AMOUNT.




$$
&&
------------------------------------------------------------------
******************** SUPPLEMENTAL DATA ***************************

...GULF WATER TEMPERATURE AT FORT MYERS BEACH 79 DEGREES
