000
CDUS42 KMLB 260634
CLIFPR

CLIMATE REPORT
NATIONAL WEATHER SERVICE MELBOURNE FL
234 AM EDT MON SEP 26 2022

...................................

...THE FORT PIERCE CLIMATE SUMMARY FOR SEPTEMBER 25 2022...

CLIMATE NORMAL PERIOD 1991 TO 2020
CLIMATE RECORD PERIOD 1901 TO 2022


WEATHER ITEM   OBSERVED TIME   RECORD YEAR NORMAL DEPARTURE LAST
                VALUE   (LST)  VALUE       VALUE  FROM      YEAR
                                                  NORMAL
...................................................................
TEMPERATURE (F)
 YESTERDAY
  MAXIMUM         86    300 PM  95    1997  87     -1       89
  MINIMUM         76   1159 PM  62    1903  72      4       74
  AVERAGE         81                        80      1       82

PRECIPITATION (IN)
  YESTERDAY        0.41          3.67 1960   0.22   0.19     0.00
  MONTH TO DATE    7.15                      5.24   1.91     5.86
  SINCE SEP 1      7.15                      5.24   1.91     5.86
  SINCE JAN 1     33.82                     39.55  -5.73    37.15

SNOWFALL (IN)
  YESTERDAY        0.0
  MONTH TO DATE    0.0
  SINCE JUL 1      0.0

DEGREE DAYS
 HEATING
  YESTERDAY        0                         0      0        0
  MONTH TO DATE    0                         0      0        0
  SINCE SEP 1      0                         0      0        0
  SINCE JUL 1      0                         0      0        0

 COOLING
  YESTERDAY       16                        15      1       17
  MONTH TO DATE  401                       390     11      399
  SINCE SEP 1    401                       390     11      399
  SINCE JAN 1   3018                      2683    335     2956
...................................................................


WIND (MPH)
  HIGHEST WIND SPEED    16   HIGHEST WIND DIRECTION     S (180)
  HIGHEST GUST SPEED    18   HIGHEST GUST DIRECTION     S (170)
  AVERAGE WIND SPEED     4.4


SKY COVER
  AVERAGE SKY COVER 0.4


WEATHER CONDITIONS
THE FOLLOWING WEATHER WAS RECORDED YESTERDAY.
  THUNDERSTORM
  HEAVY RAIN
  RAIN
  LIGHT RAIN
  FOG


RELATIVE HUMIDITY (PERCENT)
 HIGHEST    97          1100 PM
 LOWEST     70           300 PM
 AVERAGE    84

..........................................................


THE FORT PIERCE CLIMATE NORMALS FOR TODAY
                         NORMAL    RECORD    YEAR
 MAXIMUM TEMPERATURE (F)   87        94      1989
 MINIMUM TEMPERATURE (F)   72        60      1964


SUNRISE AND SUNSET
SEPTEMBER 26 2022.....SUNRISE   712 AM EDT   SUNSET   713 PM EDT
SEPTEMBER 27 2022.....SUNRISE   712 AM EDT   SUNSET   712 PM EDT


-  INDICATES NEGATIVE NUMBERS.
R  INDICATES RECORD WAS SET OR TIED.
MM INDICATES DATA IS MISSING.
T  INDICATES TRACE AMOUNT.




$$
