000
CDUS43 KFSD 260622
CLIFSD

CLIMATE REPORT
NATIONAL WEATHER SERVICE SIOUX FALLS SD
122 AM CDT MON SEP 26 2022

...................................

...THE SIOUX FALLS CLIMATE SUMMARY FOR SEPTEMBER 25 2022...

CLIMATE NORMAL PERIOD: 1991 TO 2020
CLIMATE RECORD PERIOD: 1893 TO 2022


WEATHER ITEM   OBSERVED TIME   RECORD YEAR NORMAL DEPARTURE LAST
                VALUE   (LST)  VALUE       VALUE  FROM      YEAR
                                                  NORMAL
...................................................................
TEMPERATURE (F)
 YESTERDAY
  MAXIMUM         74   3:01 PM  92    1956  72      2       80
                                      1967
  MINIMUM         50  11:59 PM  19    1893  48      2       39
  AVERAGE         62                        60      2       60

PRECIPITATION (IN)
  YESTERDAY        0.00          2.70 1929   0.09  -0.09     0.00
  MONTH TO DATE    2.00                      2.29  -0.29     2.08
  SINCE SEP 1      2.00                      2.29  -0.29     2.08
  SINCE JAN 1     21.18                     23.00  -1.82    22.49

SNOWFALL (IN)
  YESTERDAY        0.0           0.2  1939   0.0    0.0      0.0
  MONTH TO DATE    0.0                       0.0    0.0      0.0
  SINCE SEP 1      0.0                       0.0    0.0      0.0
  SINCE JUL 1      T                         0.0    0.0       T
  SNOW DEPTH       0

DEGREE DAYS
 HEATING
  YESTERDAY        3                         6     -3        5
  MONTH TO DATE   39                        88    -49       38
  SINCE SEP 1     39                        88    -49       38
  SINCE JUL 1     39                       105    -66       38

 COOLING
  YESTERDAY        0                         2     -2        0
  MONTH TO DATE  121                        84     37       73
  SINCE SEP 1    121                        84     37       73
  SINCE JAN 1   1085                       834    251     1091
...................................................................


WIND (MPH)
  HIGHEST WIND SPEED    32   HIGHEST WIND DIRECTION    NW (320)
  HIGHEST GUST SPEED    43   HIGHEST GUST DIRECTION    NW (320)
  AVERAGE WIND SPEED    14.7


SKY COVER
  POSSIBLE SUNSHINE  MM
  AVERAGE SKY COVER 0.1


WEATHER CONDITIONS
THE FOLLOWING WEATHER WAS RECORDED YESTERDAY.
  NO SIGNIFICANT WEATHER WAS OBSERVED.


RELATIVE HUMIDITY (PERCENT)
 HIGHEST    71           7:00 AM
 LOWEST     23           2:00 PM
 AVERAGE    47

..........................................................


THE SIOUX FALLS CLIMATE NORMALS FOR TODAY
                         NORMAL    RECORD    YEAR
 MAXIMUM TEMPERATURE (F)   72        94      1956
 MINIMUM TEMPERATURE (F)   47        23      1984


SUNRISE AND SUNSET
SEPTEMBER 26 2022.....SUNRISE   7:19 AM CDT   SUNSET   7:17 PM CDT
SEPTEMBER 27 2022.....SUNRISE   7:20 AM CDT   SUNSET   7:15 PM CDT


-  INDICATES NEGATIVE NUMBERS.
R  INDICATES RECORD WAS SET OR TIED.
MM INDICATES DATA IS MISSING.
T  INDICATES TRACE AMOUNT.




$$
