000
CDUS44 KTSA 260658
CLIFSM

CLIMATE REPORT
NATIONAL WEATHER SERVICE TULSA OK
158 AM CDT MON SEP 26 2022

...................................

...THE FORT SMITH ARKANSAS CLIMATE SUMMARY FOR SEPTEMBER 25 2022...

CLIMATE NORMAL PERIOD 1991 TO 2020
CLIMATE RECORD PERIOD 1882 TO 2022


WEATHER ITEM   OBSERVED TIME   RECORD YEAR NORMAL DEPARTURE LAST
                VALUE   (LST)  VALUE       VALUE  FROM      YEAR
                                                  NORMAL
...................................................................
TEMPERATURE (F)
 YESTERDAY
  MAXIMUM         93    258 PM  97    1939  84      9       89
                                      2012
  MINIMUM         65   1159 PM  38    1989  60      5       53
  AVERAGE         79                        72      7       71

PRECIPITATION (IN)
  YESTERDAY        0.00          2.76 1959   0.14  -0.14     0.00
  MONTH TO DATE    0.96                      3.38  -2.42     1.88
  SINCE SEP 1      0.96                      3.38  -2.42     1.88
  SINCE JAN 1     41.24                     34.93   6.31    34.96

DEGREE DAYS
 HEATING
  YESTERDAY        0                         1     -1        0
  MONTH TO DATE    0                         3     -3        0
  SINCE SEP 1      0                         3     -3        0
  SINCE JUL 1      0                         3     -3        0

 COOLING
  YESTERDAY       14                         7      7        6
  MONTH TO DATE  366                       272     94      345
  SINCE SEP 1    366                       272     94      345
  SINCE JAN 1   2466                      2053    413     2048
...................................................................


WIND (MPH)
  HIGHEST WIND SPEED    20   HIGHEST WIND DIRECTION    NW (330)
  HIGHEST GUST SPEED    31   HIGHEST GUST DIRECTION     N (360)
  AVERAGE WIND SPEED     6.4


SKY COVER
  POSSIBLE SUNSHINE  MM
  AVERAGE SKY COVER 0.1


WEATHER CONDITIONS
THE FOLLOWING WEATHER WAS RECORDED YESTERDAY.
  NO SIGNIFICANT WEATHER WAS OBSERVED.


RELATIVE HUMIDITY (PERCENT)
 HIGHEST    90           600 AM
 LOWEST     20           300 PM
 AVERAGE    55

..........................................................


THE FORT SMITH ARKANSAS CLIMATE NORMALS FOR TODAY
                         NORMAL    RECORD    YEAR
 MAXIMUM TEMPERATURE (F)   83        96      1938
                                             1953
                                             1954
 MINIMUM TEMPERATURE (F)   59        40      1975
                                             1982


SUNRISE AND SUNSET
SEPTEMBER 26 2022.....SUNRISE   709 AM CDT   SUNSET   708 PM CDT
SEPTEMBER 27 2022.....SUNRISE   709 AM CDT   SUNSET   707 PM CDT


-  INDICATES NEGATIVE NUMBERS.
R  INDICATES RECORD WAS SET OR TIED.
MM INDICATES DATA IS MISSING.
T  INDICATES TRACE AMOUNT.




$$
