000
CDUS42 KFFC 290820
CLIFTY

CLIMATE REPORT
NATIONAL WEATHER SERVICE PEACHTREE CITY GA
420 AM EDT THU SEP 29 2022

...................................

...THE FULTON COUNTY AIRPORT CLIMATE SUMMARY FOR SEPTEMBER 28 2022...

CLIMATE NORMAL PERIOD: 1991 TO 2020
CLIMATE RECORD PERIOD: 9999 TO 9999


WEATHER ITEM   OBSERVED TIME   RECORD YEAR NORMAL DEPARTURE LAST
                VALUE   (LST)  VALUE       VALUE  FROM      YEAR
                                                  NORMAL
...................................................................
TEMPERATURE (F)
 YESTERDAY
  MAXIMUM         75   3:55 PM  MM      MM  81     -6       83
  MINIMUM         44   6:58 AM  MM      MM  59    -15       56
  AVERAGE         60                        70    -10       70

PRECIPITATION (IN)
  YESTERDAY        0.00         MM      MM   0.14  -0.14     0.00
  MONTH TO DATE    0.49                      3.09  -2.60     3.10
  SINCE SEP 1      0.49                      3.09  -2.60     3.10
  SINCE JAN 1     32.51                     36.29  -3.78    37.04

DEGREE DAYS
 HEATING
  YESTERDAY        5                         1      4        0
  MONTH TO DATE    8                         3      5        6
  SINCE SEP 1      8                         3      5        6
  SINCE JUL 1      8                         3      5        6

 COOLING
  YESTERDAY        0                         6     -6        5
  MONTH TO DATE  249                       251     -2      218
  SINCE SEP 1    249                       251     -2      218
  SINCE JAN 1   1914                      1747    167     1650
...................................................................


WIND (MPH)
  RESULTANT WIND SPEED   4   RESULTANT WIND DIRECTION   N (20)
  HIGHEST WIND SPEED    16   HIGHEST WIND DIRECTION    NW (330)
  HIGHEST GUST SPEED    23   HIGHEST GUST DIRECTION    NE (30)
  AVERAGE WIND SPEED     4.6


SKY COVER
  AVERAGE SKY COVER 0.0


WEATHER CONDITIONS
THE FOLLOWING WEATHER WAS RECORDED YESTERDAY.
  NO SIGNIFICANT WEATHER WAS OBSERVED.


RELATIVE HUMIDITY (PERCENT)
 HIGHEST    86           7:00 AM
 LOWEST     23           3:00 PM
 AVERAGE    55

..........................................................


THE FULTON COUNTY AIRPORT CLIMATE NORMALS FOR TODAY
                         NORMAL    RECORD    YEAR
 MAXIMUM TEMPERATURE (F)   80        MM        MM
 MINIMUM TEMPERATURE (F)   59        MM        MM


SUNRISE AND SUNSET
SEPTEMBER 29 2022.....SUNRISE   7:31 AM EDT   SUNSET   7:25 PM EDT
SEPTEMBER 30 2022.....SUNRISE   7:32 AM EDT   SUNSET   7:24 PM EDT


-  INDICATES NEGATIVE NUMBERS.
R  INDICATES RECORD WAS SET OR TIED.
MM INDICATES DATA IS MISSING.
T  INDICATES TRACE AMOUNT.




$$
