000
CDUS46 KSGX 260918
CLIFUL

CLIMATE REPORT
NATIONAL WEATHER SERVICE SAN DIEGO, CA
218 AM PDT MON SEP 26 2022

...................................

...THE FULLERTON AIRPORT CA CLIMATE SUMMARY FOR SEPTEMBER 25 2022...

CLIMATE NORMAL PERIOD: 1991 TO 2020
CLIMATE RECORD PERIOD: 1998 TO 2022


WEATHER ITEM   OBSERVED TIME   RECORD YEAR NORMAL DEPARTURE LAST
                VALUE   (LST)  VALUE       VALUE  FROM      YEAR
                                                  NORMAL
...................................................................
TEMPERATURE (F)
 YESTERDAY
  MAXIMUM         95   1:47 PM 102    2016  84     11       82
  MINIMUM         67   5:22 AM  56    2017  63      4       64
  AVERAGE         81                        73      8       73

PRECIPITATION (IN)
  YESTERDAY        0.00          0.00   MM   0.01  -0.01     0.00
  MONTH TO DATE    0.23                      0.11   0.12     0.00
  SINCE JUL 1      0.23                      0.15   0.08     0.19
  SINCE OCT 1      6.79                     11.83  -5.04     4.94
  SINCE JAN 1      1.36                      8.73  -7.37     2.99

DEGREE DAYS
 HEATING
  YESTERDAY        0                         0      0        0
  MONTH TO DATE    0                         0      0        0
  SINCE SEP 1      0                         0      0        0
  SINCE JUL 1      0                         0      0        0

 COOLING
  YESTERDAY       16                         8      8        8
  MONTH TO DATE  397                       261    136      284
  SINCE SEP 1    397                       261    136      284
  SINCE JAN 1   1589                      1284    305     1460
...................................................................


WIND (MPH)
  RESULTANT WIND SPEED   1   RESULTANT WIND DIRECTION   S (190)
  HIGHEST WIND SPEED    10   HIGHEST WIND DIRECTION     W (290)
  HIGHEST GUST SPEED    15   HIGHEST GUST DIRECTION     W (260)
  AVERAGE WIND SPEED     2.4


SKY COVER
  POSSIBLE SUNSHINE  MM
  AVERAGE SKY COVER 0.1


WEATHER CONDITIONS
THE FOLLOWING WEATHER WAS RECORDED YESTERDAY.
  NO SIGNIFICANT WEATHER WAS OBSERVED.


RELATIVE HUMIDITY (PERCENT)
 HIGHEST    70           3:00 AM
 LOWEST     20           2:00 PM
 AVERAGE    45

..........................................................


THE FULLERTON AIRPORT CA CLIMATE NORMALS FOR TODAY
                         NORMAL    RECORD    YEAR
 MAXIMUM TEMPERATURE (F)   84       107      2010
                                             2016
 MINIMUM TEMPERATURE (F)   63        56      2005


SUNRISE AND SUNSET
SEPTEMBER 26 2022.....SUNRISE   6:43 AM PDT   SUNSET   6:43 PM PDT
SEPTEMBER 27 2022.....SUNRISE   6:44 AM PDT   SUNSET   6:41 PM PDT


-  INDICATES NEGATIVE NUMBERS.
R  INDICATES RECORD WAS SET OR TIED.
MM INDICATES DATA IS MISSING.
T  INDICATES TRACE AMOUNT.




$$
