000
CDUS43 KIWX 060544
CLIFWA

CLIMATE REPORT
NATIONAL WEATHER SERVICE NORTHERN INDIANA
144 AM EDT THU OCT 06 2022

...................................

...THE FORT WAYNE CLIMATE SUMMARY FOR OCTOBER 5 2022...

CLIMATE NORMAL PERIOD 1991 TO 2020
CLIMATE RECORD PERIOD 1897 TO 2022


WEATHER ITEM   OBSERVED TIME   RECORD YEAR NORMAL DEPARTURE LAST
                VALUE   (LST)  VALUE       VALUE  FROM      YEAR
                                                  NORMAL
...................................................................
TEMPERATURE (F)
 YESTERDAY
  MAXIMUM         77    228 PM  89    1900  69      8       77
  MINIMUM         40    654 AM  28    1965  46     -6       63
  AVERAGE         59                        58      1       70

PRECIPITATION (IN)
  YESTERDAY        0.00          2.09 1954   0.10  -0.10      T
  MONTH TO DATE    0.00                      0.49  -0.49     1.02
  SINCE SEP 1      1.96                      3.53  -1.57     4.80
  SINCE JAN 1     27.38                     31.59  -4.21    32.51

DEGREE DAYS
 HEATING
  YESTERDAY        6                         8     -2        0
  MONTH TO DATE   44                        38      6        4
  SINCE SEP 1    137                       132      5       47
  SINCE JUL 1    139                       143     -4       47

 COOLING
  YESTERDAY        0                         1     -1        5
  MONTH TO DATE    0                         5     -5       13
  SINCE SEP 1     95                        91      4      137
  SINCE JAN 1    925                       842     83     1024
...................................................................


WIND (MPH)
  HIGHEST WIND SPEED    10   HIGHEST WIND DIRECTION    NW (320)
  HIGHEST GUST SPEED    14   HIGHEST GUST DIRECTION    NW (320)
  AVERAGE WIND SPEED     1.9


SKY COVER
  AVERAGE SKY COVER 0.5


WEATHER CONDITIONS
THE FOLLOWING WEATHER WAS RECORDED YESTERDAY.
  NO SIGNIFICANT WEATHER WAS OBSERVED.


RELATIVE HUMIDITY (PERCENT)
 HIGHEST    93           600 AM
 LOWEST     18           400 PM
 AVERAGE    56

..........................................................


THE FORT WAYNE CLIMATE NORMALS FOR TODAY
                         NORMAL    RECORD    YEAR
 MAXIMUM TEMPERATURE (F)   68        89      1946
                                             1963
 MINIMUM TEMPERATURE (F)   46        28      1966


SUNRISE AND SUNSET
OCTOBER  6 2022.......SUNRISE   743 AM EDT   SUNSET   714 PM EDT
OCTOBER  7 2022.......SUNRISE   744 AM EDT   SUNSET   713 PM EDT


-  INDICATES NEGATIVE NUMBERS.
R  INDICATES RECORD WAS SET OR TIED.
MM INDICATES DATA IS MISSING.
T  INDICATES TRACE AMOUNT.




$$
