000
CDUS44 KTSA 302137
CLIFYV

CLIMATE REPORT
NATIONAL WEATHER SERVICE TULSA OK
437 PM CDT FRI SEP 30 2022

...................................

...THE FAYETTEVILLE ARKANSAS CLIMATE SUMMARY FOR SEPTEMBER 30 2022...
VALID TODAY AS OF 0400 PM LOCAL TIME.

CLIMATE NORMAL PERIOD 1991 TO 2020
CLIMATE RECORD PERIOD 1905 TO 2022


WEATHER ITEM   OBSERVED TIME   RECORD YEAR NORMAL DEPARTURE LAST
                VALUE   (LST)  VALUE       VALUE  FROM      YEAR
                                                  NORMAL
...................................................................
TEMPERATURE (F)
 TODAY
  MAXIMUM         78    259 PM  92    1953  77      1       87
  MINIMUM         37    610 AM  32    1984  51    -14       62
  AVERAGE         58                        64     -6       75

PRECIPITATION (IN)
  TODAY            0.00                      0.15  -0.15     0.20
  MONTH TO DATE    1.28                      4.26  -2.98     1.93
  SINCE SEP 1      1.28                      4.26  -2.98     1.93
  SINCE JAN 1     30.40                     35.73  -5.33    29.57

DEGREE DAYS
 HEATING
  TODAY            7                         4      3        0
  MONTH TO DATE   15                        40    -25       13
  SINCE SEP 1     15                        40    -25       13
  SINCE JUL 1     15                        41    -26       13

 COOLING
  TODAY            0                         2     -2       10
  MONTH TO DATE  212                       161     51      273
  SINCE SEP 1    212                       161     51      273
  SINCE JAN 1   1843                      1320    523     1508
...................................................................


WIND (MPH)
  HIGHEST WIND SPEED    13   HIGHEST WIND DIRECTION     E (90)
  HIGHEST GUST SPEED    18   HIGHEST GUST DIRECTION     E (80)
  AVERAGE WIND SPEED     1.8


SKY COVER
  POSSIBLE SUNSHINE  MM
  AVERAGE SKY COVER 0.0


WEATHER CONDITIONS
THE FOLLOWING WEATHER WAS RECORDED TODAY.
  FOG


RELATIVE HUMIDITY (PERCENT)
 HIGHEST    97           400 AM
 LOWEST     19           300 PM
 AVERAGE    58

..........................................................


THE FAYETTEVILLE ARKANSAS CLIMATE NORMALS FOR TOMORROW
                         NORMAL    RECORD    YEAR
 MAXIMUM TEMPERATURE (F)   76        96      1953
 MINIMUM TEMPERATURE (F)   51        31      1984


SUNRISE AND SUNSET
SEPTEMBER 30 2022.....SUNRISE   711 AM CDT   SUNSET   702 PM CDT
OCTOBER  1 2022.......SUNRISE   712 AM CDT   SUNSET   700 PM CDT


-  INDICATES NEGATIVE NUMBERS.
R  INDICATES RECORD WAS SET OR TIED.
MM INDICATES DATA IS MISSING.
T  INDICATES TRACE AMOUNT.




$$
