000
CDUS43 KUNR 290838
CLIGCC

CLIMATE REPORT
NATIONAL WEATHER SERVICE RAPID CITY SD
238 AM MDT THU SEP 29 2022

...................................

...THE GILLETTE AIRPORT WY CLIMATE SUMMARY FOR SEPTEMBER 28 2022...

CLIMATE NORMAL PERIOD 1991 TO 2020
CLIMATE RECORD PERIOD 9999 TO 9999


WEATHER ITEM   OBSERVED TIME   NORMAL DEPARTURE LAST
                VALUE   (LST)  VALUE  FROM      YEAR
                                      NORMAL
.......................................................
TEMPERATURE (F)
 YESTERDAY
  MAXIMUM         85    258 PM  68     17       91
  MINIMUM         50    449 AM  40     10       55
  AVERAGE         68            54     14       73

PRECIPITATION (IN)
  YESTERDAY        0.00          0.03  -0.03     0.04
  MONTH TO DATE    1.74          0.90   0.84     0.34
  SINCE SEP 1      1.74          0.90   0.84     0.34
  SINCE JAN 1     13.23         11.24   1.99     5.78

DEGREE DAYS
 HEATING
  YESTERDAY        0            12    -12        0
  MONTH TO DATE  118           190    -72       70
  SINCE SEP 1    118           190    -72       70
  SINCE JUL 1    122           245   -123      105

 COOLING
  YESTERDAY        3             0      3        8
  MONTH TO DATE  109            47     62       72
  SINCE SEP 1    109            47     62       72
  SINCE JAN 1    730           515    215      820
.......................................................


WIND (MPH)
  HIGHEST WIND SPEED    17   HIGHEST WIND DIRECTION     S (160)
  HIGHEST GUST SPEED    22   HIGHEST GUST DIRECTION     W (270)
  AVERAGE WIND SPEED     7.8


SKY COVER
  AVERAGE SKY COVER 0.0


WEATHER CONDITIONS
THE FOLLOWING WEATHER WAS RECORDED YESTERDAY.
  NO SIGNIFICANT WEATHER WAS OBSERVED.


RELATIVE HUMIDITY (PERCENT)
 HIGHEST    57           500 AM
 LOWEST     17           100 PM
 AVERAGE    37

..........................................................



SUNRISE AND SUNSET
SEPTEMBER 29 2022.....SUNRISE   658 AM MDT   SUNSET   646 PM MDT
SEPTEMBER 30 2022.....SUNRISE   659 AM MDT   SUNSET   644 PM MDT


-  INDICATES NEGATIVE NUMBERS.
R  INDICATES RECORD WAS SET OR TIED.
MM INDICATES DATA IS MISSING.
T  INDICATES TRACE AMOUNT.




$$
