000
CDUS43 KDDC 010707
CLIGCK

CLIMATE REPORT
NATIONAL WEATHER SERVICE DODGE CITY, KANSAS
207 AM CDT SAT OCT 01 2022

...................................

...THE GARDEN CITY REGIONAL ARPT KS CLIMATE SUMMARY FOR SEPTEMBER 30 2022...

CLIMATE NORMAL PERIOD 1991 TO 2020
CLIMATE RECORD PERIOD 1948 TO 2022


WEATHER ITEM   OBSERVED TIME   RECORD YEAR NORMAL DEPARTURE LAST
                VALUE   (LST)  VALUE       VALUE  FROM      YEAR
                                                  NORMAL
...................................................................
TEMPERATURE (F)
 YESTERDAY
  MAXIMUM         91    235 PM  96    2009  78     13       69
  MINIMUM         53    712 AM  26    1985  48      5       51
  AVERAGE         72                        63      9       60

PRECIPITATION (IN)
  YESTERDAY        0.00          0.87 2021   0.05  -0.05     0.87
  MONTH TO DATE    1.02                      1.37  -0.35     2.93
  SINCE SEP 1      1.02                      1.37  -0.35     2.93
  SINCE JAN 1      5.01                     16.55 -11.54    14.83

DEGREE DAYS
 HEATING
  YESTERDAY        0                         5     -5        5
  MONTH TO DATE   33                        59    -26       17
  SINCE SEP 1     33                        59    -26       17
  SINCE JUL 1     33                        63    -30       17

 COOLING
  YESTERDAY        7                         2      5        0
  MONTH TO DATE  234                       166     68      252
  SINCE SEP 1    234                       166     68      252
  SINCE JAN 1   1667                      1303    364     1430
...................................................................


WIND (MPH)
  HIGHEST WIND SPEED    32   HIGHEST WIND DIRECTION     S (200)
  HIGHEST GUST SPEED    43   HIGHEST GUST DIRECTION    SW (210)
  AVERAGE WIND SPEED    15.7


SKY COVER
  POSSIBLE SUNSHINE  MM
  AVERAGE SKY COVER 0.0


WEATHER CONDITIONS
THE FOLLOWING WEATHER WAS RECORDED YESTERDAY.
  NO SIGNIFICANT WEATHER WAS OBSERVED.


RELATIVE HUMIDITY (PERCENT)
 HIGHEST    77           700 AM
 LOWEST     17           300 PM
 AVERAGE    47

..........................................................


THE GARDEN CITY REGIONAL ARPT KS CLIMATE NORMALS FOR TODAY
                         NORMAL    RECORD    YEAR
 MAXIMUM TEMPERATURE (F)   77        95      1963
                                             2000
 MINIMUM TEMPERATURE (F)   48        28      1985


SUNRISE AND SUNSET
OCTOBER  1 2022.......SUNRISE   739 AM CDT   SUNSET   726 PM CDT
OCTOBER  2 2022.......SUNRISE   739 AM CDT   SUNSET   724 PM CDT


-  INDICATES NEGATIVE NUMBERS.
R  INDICATES RECORD WAS SET OR TIED.
MM INDICATES DATA IS MISSING.
T  INDICATES TRACE AMOUNT.




$$
