000
CDUS41 KPHI 260606
CLIGED

CLIMATE REPORT
NATIONAL WEATHER SERVICE MOUNT HOLLY NJ
206 AM EDT MON SEP 26 2022

...................................

...THE GEORGETOWN DE CLIMATE SUMMARY FOR SEPTEMBER 25 2022...

CLIMATE NORMAL PERIOD: 1991 TO 2020
CLIMATE RECORD PERIOD: 1948 TO 2022


WEATHER ITEM   OBSERVED TIME   RECORD YEAR NORMAL DEPARTURE LAST
                VALUE   (LST)  VALUE       VALUE  FROM      YEAR
                                                  NORMAL
...................................................................
TEMPERATURE (F)
 YESTERDAY
  MAXIMUM         82   2:29 PM  92    1970  77      5       76
                                      2010
  MINIMUM         52  12:37 AM  33    1963  58     -6       50
  AVERAGE         67                        67      0       63

PRECIPITATION (IN)
  YESTERDAY        0.20          2.11 2014   0.14   0.06     0.00
  MONTH TO DATE    3.35                      3.77  -0.42     3.10
  SINCE SEP 1      3.35                      3.77  -0.42     3.10
  SINCE JAN 1     28.82                     32.34  -3.52    36.28

DEGREE DAYS
 HEATING
  YESTERDAY        0                         2     -2        2
  MONTH TO DATE   12                        11      1        2
  SINCE SEP 1     12                        11      1        2
  SINCE JUL 1     12                        11      1        2

 COOLING
  YESTERDAY        2                         4     -2        0
  MONTH TO DATE  185                       166     19      191
  SINCE SEP 1    185                       166     19      191
  SINCE JAN 1   1511                      1336    175     1548
...................................................................


WIND (MPH)
  HIGHEST WIND SPEED    21   HIGHEST WIND DIRECTION    SW (210)
  HIGHEST GUST SPEED    24   HIGHEST GUST DIRECTION    SW (210)
  AVERAGE WIND SPEED     9.6


SKY COVER
  POSSIBLE SUNSHINE  MM
  AVERAGE SKY COVER 0.4


WEATHER CONDITIONS
THE FOLLOWING WEATHER WAS RECORDED YESTERDAY.
  THUNDERSTORM
  HEAVY RAIN
  RAIN
  LIGHT RAIN
  FOG


RELATIVE HUMIDITY (PERCENT)
 HIGHEST    90           6:00 PM
 LOWEST     42           2:00 PM
 AVERAGE    66

..........................................................


THE GEORGETOWN DE CLIMATE NORMALS FOR TODAY
                         NORMAL    RECORD    YEAR
 MAXIMUM TEMPERATURE (F)   76        92      1970
 MINIMUM TEMPERATURE (F)   58        37      1949


SUNRISE AND SUNSET
SEPTEMBER 26 2022.....SUNRISE   6:53 AM EDT   SUNSET   6:52 PM EDT
SEPTEMBER 27 2022.....SUNRISE   6:54 AM EDT   SUNSET   6:50 PM EDT


-  INDICATES NEGATIVE NUMBERS.
R  INDICATES RECORD WAS SET OR TIED.
MM INDICATES DATA IS MISSING.
T  INDICATES TRACE AMOUNT.




$$
