000
CDUS46 KOTX 052345
CLIGEG

CLIMATE REPORT
NATIONAL WEATHER SERVICE SPOKANE WA
445 PM PDT WED OCT 05 2022

...................................

...THE SPOKANE WA AIRPORT CLIMATE SUMMARY FOR OCTOBER 5 2022...
VALID AS OF 0400 PM LOCAL TIME.

CLIMATE NORMAL PERIOD 1991 TO 2020
CLIMATE RECORD PERIOD 1881 TO 2022


WEATHER ITEM   OBSERVED TIME   RECORD YEAR NORMAL DEPARTURE LAST
                VALUE   (LST)  VALUE       VALUE  FROM      YEAR
                                                  NORMAL
...................................................................
TEMPERATURE (F)
 TODAY
  MAXIMUM         79    244 PM  85    1889  64     15       73
  MINIMUM         50    602 AM  21    1974  42      8       48
  AVERAGE         65                        53     12       61

PRECIPITATION (IN)
  TODAY            0.00          0.95 1882   0.03  -0.03     0.00
  MONTH TO DATE    0.00                      0.15  -0.15     0.00
  SINCE OCT 1      0.00                      0.15  -0.15     0.00
  SINCE JAN 1     10.49                     10.83  -0.34     6.38

SNOWFALL (IN)
  TODAY           MM             T    1957   0.0   MM        0.0
  MONTH TO DATE    0.0                       0.0    0.0      0.0
  SINCE SEP 1      0.0                       0.1   -0.1      0.0
  SINCE JUL 1      0.0                       0.1   -0.1      0.0
  SNOW DEPTH      MM

DEGREE DAYS
 HEATING
  TODAY            0                        12    -12        4
  MONTH TO DATE    3                        56    -53       44
  SINCE SEP 1     62                       218   -156      172
  SINCE JUL 1     70                       272   -202      197

 COOLING
  TODAY            0                         0      0        0
  MONTH TO DATE    1                         0      1        0
  SINCE SEP 1     81                        45     36       42
  SINCE JAN 1    765                       514    251      919
...................................................................


WIND (MPH)
  HIGHEST WIND SPEED    12   HIGHEST WIND DIRECTION     E (70)
  HIGHEST GUST SPEED    15   HIGHEST GUST DIRECTION     E (80)
  AVERAGE WIND SPEED     5.1


SKY COVER
  POSSIBLE SUNSHINE  MM
  AVERAGE SKY COVER 0.5


WEATHER CONDITIONS
THE FOLLOWING WEATHER WAS RECORDED TODAY.
  NO SIGNIFICANT WEATHER WAS OBSERVED.


RELATIVE HUMIDITY (PERCENT)
 HIGHEST    80           500 AM
 LOWEST     25           300 PM
 AVERAGE    53

..........................................................


THE SPOKANE WA AIRPORT CLIMATE NORMALS FOR TOMORROW
                         NORMAL    RECORD    YEAR
 MAXIMUM TEMPERATURE (F)   64        84      1943
 MINIMUM TEMPERATURE (F)   42        26      1974


SUNRISE AND SUNSET
OCTOBER  5 2022.......SUNRISE   655 AM PDT   SUNSET   621 PM PDT
OCTOBER  6 2022.......SUNRISE   656 AM PDT   SUNSET   619 PM PDT


-  INDICATES NEGATIVE NUMBERS.
R  INDICATES RECORD WAS SET OR TIED.
MM INDICATES DATA IS MISSING.
T  INDICATES TRACE AMOUNT.




$$
