000
CDUS45 KRIW 020739
CLIGEY

CLIMATE REPORT
NATIONAL WEATHER SERVICE RIVERTON WY
139 AM MDT SUN OCT 02 2022

...................................

...THE GREYBULL WY CLIMATE SUMMARY FOR OCTOBER 1 2022...

CLIMATE NORMAL PERIOD: 1991 TO 2020
CLIMATE RECORD PERIOD: 1998 TO 2022


WEATHER ITEM   OBSERVED TIME   RECORD YEAR NORMAL DEPARTURE LAST
                VALUE   (LST)  VALUE       VALUE  FROM      YEAR
                                                  NORMAL
...................................................................
TEMPERATURE (F)
 YESTERDAY
  MAXIMUM         61   2:02 PM  91    2011  68     -7       75
  MINIMUM         46  11:03 PM  30    2003  39      7       30
                                      2021
  AVERAGE         54                        54      0       53

PRECIPITATION (IN)
  YESTERDAY        0.06          0.26 2000   0.03   0.03     0.00
  MONTH TO DATE    0.06                      0.03   0.03     0.00
  SINCE SEP 1      1.07                      0.86   0.21     0.01
  SINCE JAN 1      5.31                      4.68   0.63     2.84

DEGREE DAYS
 HEATING
  YESTERDAY       11                        12     -1       12
  MONTH TO DATE   11                        12     -1       12
  SINCE SEP 1     88                       181    -93      115
  SINCE JUL 1     91                       200   -109      135

 COOLING
  YESTERDAY        0                         0      0        0
  MONTH TO DATE    0                         0      0        0
  SINCE SEP 1     96                        46     50       53
  SINCE JAN 1    943                       742    201      967
...................................................................


WIND (MPH)
  HIGHEST WIND SPEED    10   HIGHEST WIND DIRECTION     S (170)
  HIGHEST GUST SPEED    13   HIGHEST GUST DIRECTION     S (160)
  AVERAGE WIND SPEED     2.3


SKY COVER
  POSSIBLE SUNSHINE  MM
  AVERAGE SKY COVER 0.8


WEATHER CONDITIONS
THE FOLLOWING WEATHER WAS RECORDED YESTERDAY.
  RAIN
  LIGHT RAIN
  FOG


RELATIVE HUMIDITY (PERCENT)
 HIGHEST    96           9:00 AM
 LOWEST     64           3:00 PM
 AVERAGE    80

..........................................................


THE GREYBULL WY CLIMATE NORMALS FOR TODAY
                         NORMAL    RECORD    YEAR
 MAXIMUM TEMPERATURE (F)   68        87      2018
 MINIMUM TEMPERATURE (F)   39        29      2009


SUNRISE AND SUNSET
OCTOBER  2 2022.......SUNRISE   7:11 AM MDT   SUNSET   6:51 PM MDT
OCTOBER  3 2022.......SUNRISE   7:13 AM MDT   SUNSET   6:49 PM MDT


-  INDICATES NEGATIVE NUMBERS.
R  INDICATES RECORD WAS SET OR TIED.
MM INDICATES DATA IS MISSING.
T  INDICATES TRACE AMOUNT.




$$
