000
CDUS43 KFGF 060637
CLIGFK

CLIMATE REPORT
NATIONAL WEATHER SERVICE GRAND FORKS
137 AM CDT THU OCT 06 2022

...................................

...THE GRAND FORKS INTL AP ND CLIMATE SUMMARY FOR OCTOBER 5 2022...

CLIMATE NORMAL PERIOD 1991 TO 2020
CLIMATE RECORD PERIOD 1941 TO 2022


WEATHER ITEM   OBSERVED TIME   RECORD YEAR NORMAL DEPARTURE LAST
                VALUE   (LST)  VALUE       VALUE  FROM      YEAR
                                                  NORMAL
...................................................................
TEMPERATURE (F)
 YESTERDAY
  MAXIMUM         79    213 PM  89    2011  61     18       84
  MINIMUM         42   1159 PM  14    1935  38      4       47
  AVERAGE         61                        49     12       66

PRECIPITATION (IN)
  YESTERDAY        T             1.83 2005   0.06  -0.06     0.00
  MONTH TO DATE    0.08                      0.36  -0.28     0.12
  SINCE SEP 1      0.61                      2.62  -2.01     1.49
  SINCE JAN 1     21.14                     18.64   2.50    13.29

SNOWFALL (IN)
  YESTERDAY        0.0           0.7  2018   0.0    0.0      0.0
  MONTH TO DATE    0.0                       0.1   -0.1      0.0
  SINCE SEP 1      0.0                       0.1   -0.1      0.0
  SINCE JUL 1      0.0                       0.1   -0.1      0.0
  SNOW DEPTH       0

DEGREE DAYS
 HEATING
  YESTERDAY        4                        16    -12        0
  MONTH TO DATE   14                        76    -62       20
  SINCE SEP 1    179                       320   -141      122
  SINCE JUL 1    195                       396   -201      149

 COOLING
  YESTERDAY        0                         0      0        1
  MONTH TO DATE    0                         0      0        1
  SINCE SEP 1     25                        29     -4       47
  SINCE JAN 1    513                       381    132      664
...................................................................


WIND (MPH)
  HIGHEST WIND SPEED    33   HIGHEST WIND DIRECTION     N (360)
  HIGHEST GUST SPEED    46   HIGHEST GUST DIRECTION     N (360)
  AVERAGE WIND SPEED    13.8


SKY COVER
  POSSIBLE SUNSHINE  MM
  AVERAGE SKY COVER 0.5


WEATHER CONDITIONS
THE FOLLOWING WEATHER WAS RECORDED YESTERDAY.
  LIGHT RAIN
  FOG
  FOG W/VISIBILITY <= 1/4 MILE
  HAZE


RELATIVE HUMIDITY (PERCENT)
 HIGHEST   100           400 AM
 LOWEST     40           200 PM
 AVERAGE    70

..........................................................


THE GRAND FORKS INTL AP ND CLIMATE NORMALS FOR TODAY
                         NORMAL    RECORD    YEAR
 MAXIMUM TEMPERATURE (F)   60        88      1920
 MINIMUM TEMPERATURE (F)   37        19      1954
                                             1976
                                             2001


SUNRISE AND SUNSET
OCTOBER  6 2022.......SUNRISE   735 AM CDT   SUNSET   658 PM CDT
OCTOBER  7 2022.......SUNRISE   736 AM CDT   SUNSET   656 PM CDT


-  INDICATES NEGATIVE NUMBERS.
R  INDICATES RECORD WAS SET OR TIED.
MM INDICATES DATA IS MISSING.
T  INDICATES TRACE AMOUNT.




$$
