000
CDUS44 KSHV 260745
CLIGGG

CLIMATE REPORT
NATIONAL WEATHER SERVICE SHREVEPORT, LA
245 AM CDT MON SEP 26 2022

...................................

...THE LONGVIEW CLIMATE SUMMARY FOR SEPTEMBER 25 2022...

CLIMATE NORMAL PERIOD: 1991 TO 2020
CLIMATE RECORD PERIOD: 1902 TO 2022


WEATHER ITEM   OBSERVED TIME   RECORD YEAR NORMAL DEPARTURE LAST
                VALUE   (LST)  VALUE       VALUE  FROM      YEAR
                                                  NORMAL
...................................................................
TEMPERATURE (F)
 YESTERDAY
  MAXIMUM         97   2:34 PM 100    1945  87     10       88
  MINIMUM         66   5:58 AM  45    1989  63      3       53
                                      1994
  AVERAGE         82                        75      7       71

PRECIPITATION (IN)
  YESTERDAY        0.00          2.00 1972   0.12  -0.12     0.00
  MONTH TO DATE    0.67                      2.57  -1.90     0.33
  SINCE SEP 1      0.67                      2.57  -1.90     0.33
  SINCE JAN 1     24.40                     32.42  -8.02    35.75

SNOWFALL (IN)
  YESTERDAY        0.0
  MONTH TO DATE    0.0
  SINCE SEP 1      0.0
  SINCE JUL 1      T
  SNOW DEPTH       0

DEGREE DAYS
 HEATING
  YESTERDAY        0                         0      0        0
  MONTH TO DATE    0                         0      0        0
  SINCE SEP 1      0                         0      0        0
  SINCE JUL 1      0                         0      0        0

 COOLING
  YESTERDAY       17                        10      7        6
  MONTH TO DATE  357                       337     20      305
  SINCE SEP 1    357                       337     20      305
  SINCE JAN 1   2815                      2395    420     2111
...................................................................


WIND (MPH)
  HIGHEST WIND SPEED    12   HIGHEST WIND DIRECTION    NW (320)
  HIGHEST GUST SPEED    15   HIGHEST GUST DIRECTION    NW (310)
  AVERAGE WIND SPEED     4.5


SKY COVER
  POSSIBLE SUNSHINE  MM
  AVERAGE SKY COVER 0.0


WEATHER CONDITIONS
THE FOLLOWING WEATHER WAS RECORDED YESTERDAY.
  LIGHT RAIN


RELATIVE HUMIDITY (PERCENT)
 HIGHEST    87           6:00 AM
 LOWEST     30           2:00 PM
 AVERAGE    59

..........................................................


THE LONGVIEW CLIMATE NORMALS FOR TODAY
                         NORMAL    RECORD    YEAR
 MAXIMUM TEMPERATURE (F)   86        99      1938
                                             1939
 MINIMUM TEMPERATURE (F)   63        44      2000


SUNRISE AND SUNSET
SEPTEMBER 26 2022.....SUNRISE   7:10 AM CDT   SUNSET   7:10 PM CDT
SEPTEMBER 27 2022.....SUNRISE   7:10 AM CDT   SUNSET   7:09 PM CDT


-  INDICATES NEGATIVE NUMBERS.
R  INDICATES RECORD WAS SET OR TIED.
MM INDICATES DATA IS MISSING.
T  INDICATES TRACE AMOUNT.




$$
