000
CDUS45 KGGW 060032
CLIGGW

CLIMATE REPORT
NATIONAL WEATHER SERVICE GLASGOW, MT
632 PM MDT WED OCT 05 2022

...................................

...THE GLASGOW MT CLIMATE SUMMARY FOR OCTOBER 5 2022...
VALID TODAY AS OF 0600 PM LOCAL TIME.

CLIMATE NORMAL PERIOD: 1991 TO 2020
CLIMATE RECORD PERIOD: 1893 TO 2022


WEATHER ITEM   OBSERVED TIME   RECORD YEAR NORMAL DEPARTURE LAST
                VALUE   (LST)  VALUE       VALUE  FROM      YEAR
                                                  NORMAL
...................................................................
TEMPERATURE (F)
 TODAY
  MAXIMUM         73   2:48 PM  90    2021  63     10       90
  MINIMUM         48   6:42 AM  16    2000  39      9       49
  AVERAGE         61                        51     10       70

PRECIPITATION (IN)
  TODAY            0.00          1.14 1937   0.03  -0.03     0.00
  MONTH TO DATE    0.74                      0.18   0.56     0.00
  SINCE SEP 1      0.87                      1.24  -0.37     0.03
  SINCE OCT 1      0.74                      0.18   0.56     0.00
  SINCE JAN 1      8.22                     11.78  -3.56     5.32

SNOWFALL (IN)
  TODAY            0.0           2.0  1913   0.0    0.0      0.0
  MONTH TO DATE    0.0                       0.1   -0.1      0.0
  SINCE SEP 1      0.0                       0.1   -0.1      0.0
  SINCE JUL 1      0.0                       0.1   -0.1      0.0
  SNOW DEPTH       0

DEGREE DAYS
 HEATING
  TODAY            4                        14    -10        0
  MONTH TO DATE   31                        66    -35        8
  SINCE SEP 1    116                       266   -150      103
  SINCE JUL 1    119                       310   -191      137

 COOLING
  TODAY            0                         0      0        5
  MONTH TO DATE    0                         0      0        7
  SINCE SEP 1    121                        47     74       67
  SINCE JAN 1    938                       582    356      998
...................................................................


WIND (MPH)
  RESULTANT WIND SPEED   4   RESULTANT WIND DIRECTION  NE (50)
  HIGHEST WIND SPEED    14   HIGHEST WIND DIRECTION     E (70)
  HIGHEST GUST SPEED    19   HIGHEST GUST DIRECTION    NE (60)
  AVERAGE WIND SPEED     6.3


SKY COVER
  POSSIBLE SUNSHINE  MM
  AVERAGE SKY COVER 0.0


WEATHER CONDITIONS
THE FOLLOWING WEATHER WAS RECORDED TODAY.
  NO SIGNIFICANT WEATHER WAS OBSERVED.


RELATIVE HUMIDITY (PERCENT)
 HIGHEST    89           6:00 AM
 LOWEST     28           3:00 PM
 AVERAGE    59

..........................................................


THE GLASGOW MT CLIMATE NORMALS FOR TOMORROW
                         NORMAL    RECORD    YEAR
 MAXIMUM TEMPERATURE (F)   62        85      1942
                                             1943
 MINIMUM TEMPERATURE (F)   39        13      2000


SUNRISE AND SUNSET
OCTOBER  5 2022.......SUNRISE   7:12 AM MDT   SUNSET   6:37 PM MDT
OCTOBER  6 2022.......SUNRISE   7:13 AM MDT   SUNSET   6:35 PM MDT


-  INDICATES NEGATIVE NUMBERS.
R  INDICATES RECORD WAS SET OR TIED.
MM INDICATES DATA IS MISSING.
T  INDICATES TRACE AMOUNT.




$$
