000
CDUS45 KGJT 010020
CLIGJT

CLIMATE REPORT
NATIONAL WEATHER SERVICE GRAND JUNCTION CO
620 PM MDT FRI SEP 30 2022

...................................

...THE GRAND JUNCTION CO CLIMATE SUMMARY FOR SEPTEMBER 30 2022...
VALID TODAY AS OF 0500 PM LOCAL TIME.

CLIMATE NORMAL PERIOD 1991 TO 2020
CLIMATE RECORD PERIOD 1893 TO 2022


WEATHER ITEM   OBSERVED TIME   RECORD YEAR NORMAL DEPARTURE LAST
                VALUE   (LST)  VALUE       VALUE  FROM      YEAR
                                                  NORMAL
...................................................................
TEMPERATURE (F)
 TODAY
  MAXIMUM         74   1226 PM  88    1957  75     -1       65
  MINIMUM         55    339 PM  32    1985  47      8       50
  AVERAGE         65                        61      4       58

PRECIPITATION (IN)
  TODAY            0.32          0.83 1893   0.03   0.29     0.13
  MONTH TO DATE    2.28                      1.19   1.09     1.89
  SINCE SEP 1      2.28                      1.19   1.09     1.89
  SINCE JAN 1      5.66                      6.86  -1.20     6.08

SNOWFALL (IN)
  TODAY            0.0           0.0  2021   0.0    0.0      0.0
  MONTH TO DATE    0.0                       0.0    0.0      0.0
  SINCE SEP 1      0.0                       0.0    0.0      0.0
  SINCE JUL 1      0.0                       0.0    0.0      0.0
  SNOW DEPTH       0

DEGREE DAYS
 HEATING
  TODAY            0                         5     -5        7
  MONTH TO DATE    7                        57    -50       26
  SINCE SEP 1      7                        57    -50       26
  SINCE JUL 1      7                        58    -51       35

 COOLING
  TODAY            0                         1     -1        0
  MONTH TO DATE  202                       122     80      154
  SINCE SEP 1    202                       122     80      154
  SINCE JAN 1   1514                      1228    286     1498
...................................................................


WIND (MPH)
  HIGHEST WIND SPEED    29   HIGHEST WIND DIRECTION     E (90)
  HIGHEST GUST SPEED    38   HIGHEST GUST DIRECTION     E (90)
  AVERAGE WIND SPEED    14.1


SKY COVER
  POSSIBLE SUNSHINE  MM
  AVERAGE SKY COVER 0.7


WEATHER CONDITIONS
THE FOLLOWING WEATHER WAS RECORDED TODAY.
  THUNDERSTORM
  HEAVY RAIN
  LIGHT RAIN


RELATIVE HUMIDITY (PERCENT)
 HIGHEST    87
 LOWEST     39
 AVERAGE    63

..........................................................


THE GRAND JUNCTION CO CLIMATE NORMALS FOR TOMORROW
                         NORMAL    RECORD    YEAR
 MAXIMUM TEMPERATURE (F)   74        88      2003
                                             2010
                                             2015
 MINIMUM TEMPERATURE (F)   46        27      2009


SUNRISE AND SUNSET
SEPTEMBER 30 2022.....SUNRISE   709 AM MDT   SUNSET   658 PM MDT
OCTOBER  1 2022.......SUNRISE   710 AM MDT   SUNSET   657 PM MDT


-  INDICATES NEGATIVE NUMBERS.
R  INDICATES RECORD WAS SET OR TIED.
MM INDICATES DATA IS MISSING.
T  INDICATES TRACE AMOUNT.




$$
