000
CDUS43 KGLD 020736
CLIGLD

CLIMATE REPORT
NATIONAL WEATHER SERVICE
136 AM MDT SUN OCT 02 2022

...................................

...THE GOODLAND KS CLIMATE SUMMARY FOR OCTOBER 1 2022...

CLIMATE NORMAL PERIOD: 1991 TO 2020
CLIMATE RECORD PERIOD: 1895 TO 2022


WEATHER ITEM   OBSERVED TIME   RECORD YEAR NORMAL DEPARTURE LAST
                VALUE   (LST)  VALUE       VALUE  FROM      YEAR
                                                  NORMAL
...................................................................
TEMPERATURE (F)
 YESTERDAY
  MAXIMUM         86   3:06 PM  93    1938  74     12       74
  MINIMUM         43   6:01 AM  31    1959  44     -1       43
                                      1985
  AVERAGE         65                        59      6       59

PRECIPITATION (IN)
  YESTERDAY        0.00          0.74 1998   0.05  -0.05     0.00
  MONTH TO DATE    0.00                      0.05  -0.05     0.00
  SINCE SEP 1      0.65                      1.45  -0.80     0.22
  SINCE JAN 1     10.32                     16.72  -6.40    12.89

SNOWFALL (IN)
  YESTERDAY        0.0                       0.0    0.0      0.0
  MONTH TO DATE    0.0                       0.0    0.0      0.0
  SINCE SEP 1      0.0                       0.2   -0.2      0.0
  SINCE JUL 1      T                         0.2   -0.2       T
  SNOW DEPTH       0

DEGREE DAYS
 HEATING
  YESTERDAY        0                         7     -7        6
  MONTH TO DATE    0                         7     -7        6
  SINCE SEP 1     54                       107    -53       30
  SINCE JUL 1     54                       118    -64       30

 COOLING
  YESTERDAY        0                         1     -1        0
  MONTH TO DATE    0                         1     -1        0
  SINCE SEP 1    191                       111     80      217
  SINCE JAN 1   1341                       980    361     1213
...................................................................


WIND (MPH)
  HIGHEST WIND SPEED    29   HIGHEST WIND DIRECTION     S (190)
  HIGHEST GUST SPEED    38   HIGHEST GUST DIRECTION     S (200)
  AVERAGE WIND SPEED    11.9


SKY COVER
  AVERAGE SKY COVER 0.0


WEATHER CONDITIONS
THE FOLLOWING WEATHER WAS RECORDED YESTERDAY.
  NO SIGNIFICANT WEATHER WAS OBSERVED.


RELATIVE HUMIDITY (PERCENT)
 HIGHEST    89
 LOWEST     16
 AVERAGE    53

..........................................................


THE GOODLAND KS CLIMATE NORMALS FOR TODAY
                         NORMAL    RECORD    YEAR
 MAXIMUM TEMPERATURE (F)   73        93      1953
 MINIMUM TEMPERATURE (F)   43        30      1999


SUNRISE AND SUNSET
OCTOBER  2 2022.......SUNRISE   6:44 AM MDT   SUNSET   6:28 PM MDT
OCTOBER  3 2022.......SUNRISE   6:45 AM MDT   SUNSET   6:26 PM MDT


-  INDICATES NEGATIVE NUMBERS.
R  INDICATES RECORD WAS SET OR TIED.
MM INDICATES DATA IS MISSING.
T  INDICATES TRACE AMOUNT.

&&

THE AVERAGE SOIL TEMPERATURE AT THE FOUR INCH DEPTH WAS 67.

$$
