000
CDUS44 KJAN 260815
CLIGLH

CLIMATE REPORT
NATIONAL WEATHER SERVICE JACKSON MS
315 AM CDT MON SEP 26 2022

...................................

...THE GREENVILLE CLIMATE SUMMARY FOR SEPTEMBER 25 2022...

CLIMATE NORMAL PERIOD: 1991 TO 2020
CLIMATE RECORD PERIOD: 1903 TO 2022


WEATHER ITEM   OBSERVED TIME   RECORD YEAR NORMAL DEPARTURE LAST
                VALUE   (LST)  VALUE       VALUE  FROM      YEAR
                                                  NORMAL
...................................................................
TEMPERATURE (F)
 YESTERDAY
  MAXIMUM         96   2:42 PM  98    1931  86     10       86
  MINIMUM         69  11:59 PM  43    1965  61      8       55
                                      2001
  AVERAGE         83                        73     10       71

PRECIPITATION (IN)
  YESTERDAY        0.00          3.12 2005   0.12  -0.12     0.00
  MONTH TO DATE    0.08                      2.92  -2.84     2.16
  SINCE SEP 1      0.08                      2.92  -2.84     2.16
  SINCE JAN 1     36.28                     34.97   1.31    38.84

SNOWFALL (IN)
  YESTERDAY        0.0

DEGREE DAYS
 HEATING
  YESTERDAY        0                         0      0        0
  MONTH TO DATE    0                         0      0        0
  SINCE SEP 1      0                         0      0        0
  SINCE JUL 1      0                         0      0        0

 COOLING
  YESTERDAY       18                         8     10        6
  MONTH TO DATE  348                       294     54      297
  SINCE SEP 1    348                       294     54      297
  SINCE JAN 1   2503                      2131    372     2149
...................................................................


WIND (MPH)
  HIGHEST WIND SPEED    16   HIGHEST WIND DIRECTION    NW (330)
  HIGHEST GUST SPEED    22   HIGHEST GUST DIRECTION    NW (330)
  AVERAGE WIND SPEED     7.5


SKY COVER
  POSSIBLE SUNSHINE  MM
  AVERAGE SKY COVER 0.3


WEATHER CONDITIONS
THE FOLLOWING WEATHER WAS RECORDED YESTERDAY.
  NO SIGNIFICANT WEATHER WAS OBSERVED.


RELATIVE HUMIDITY (PERCENT)
 HIGHEST    82           4:00 AM
 LOWEST     36           1:00 PM
 AVERAGE    59

..........................................................


THE GREENVILLE CLIMATE NORMALS FOR TODAY
                         NORMAL    RECORD    YEAR
 MAXIMUM TEMPERATURE (F)   85        96      1986
 MINIMUM TEMPERATURE (F)   61        41      2001


SUNRISE AND SUNSET
SEPTEMBER 26 2022.....SUNRISE   6:55 AM CDT   SUNSET   6:55 PM CDT
SEPTEMBER 27 2022.....SUNRISE   6:55 AM CDT   SUNSET   6:54 PM CDT


-  INDICATES NEGATIVE NUMBERS.
R  INDICATES RECORD WAS SET OR TIED.
MM INDICATES DATA IS MISSING.
T  INDICATES TRACE AMOUNT.




$$
