000
CDUS43 KAPX 050549
CLIGLR

CLIMATE REPORT
NATIONAL WEATHER SERVICE
149 AM EDT WED OCT 05 2022

...................................

...THE GAYLORD CLIMATE SUMMARY FOR OCTOBER 4 2022...

CLIMATE NORMAL PERIOD: 1991 TO 2020
CLIMATE RECORD PERIOD: 1948 TO 2022


WEATHER ITEM   OBSERVED TIME   RECORD YEAR NORMAL DEPARTURE LAST
                VALUE   (LST)  VALUE       VALUE  FROM      YEAR
                                                  NORMAL
...................................................................
TEMPERATURE (F)
 YESTERDAY
  MAXIMUM         73   3:48 PM  82    2005  60     13       64
  MINIMUM         40   1:22 AM  23    2010  41     -1       57
  AVERAGE         57                        51      6       61

PRECIPITATION (IN)
  YESTERDAY        0.00          1.43 2006   0.13  -0.13     0.00
  MONTH TO DATE    0.00                      0.52  -0.52     0.21
  SINCE SEP 1      2.16                      4.16  -2.00     2.49
  SINCE JAN 1     19.26                     22.47  -3.21    22.49

DEGREE DAYS
 HEATING
  YESTERDAY        8                        14               4
  MONTH TO DATE   54                        55               4
  SINCE SEP 1    233                       300             128
  SINCE JUL 1    267                       437             162

 COOLING
  YESTERDAY        0                         0               0
  MONTH TO DATE    0                         0              13
  SINCE SEP 1     62                        25              40
  SINCE JAN 1    453                       272             586
...................................................................


WIND (MPH)
  HIGHEST WIND SPEED    10   HIGHEST WIND DIRECTION     W (250)
  HIGHEST GUST SPEED    15   HIGHEST GUST DIRECTION     W (280)
  AVERAGE WIND SPEED     3.1


RELATIVE HUMIDITY (PERCENT)
 HIGHEST    82
 LOWEST     37
 AVERAGE    60

..........................................................


THE GAYLORD CLIMATE NORMALS FOR TODAY
                         NORMAL    RECORD    YEAR
 MAXIMUM TEMPERATURE (F)   60        82      2005
 MINIMUM TEMPERATURE (F)   41        21      1952


SUNRISE AND SUNSET
OCTOBER  5 2022.......SUNRISE   7:42 AM EDT   SUNSET   7:12 PM EDT
OCTOBER  6 2022.......SUNRISE   7:43 AM EDT   SUNSET   7:10 PM EDT


-  INDICATES NEGATIVE NUMBERS.
R  INDICATES RECORD WAS SET OR TIED.
MM INDICATES DATA IS MISSING.
T  INDICATES TRACE AMOUNT.




$$
