000
CDUS44 KHGX 010731
CLIGLS

CLIMATE REPORT
NATIONAL WEATHER SERVICE HOUSTON/GALVESTON TX
231 AM CDT SAT OCT 01 2022

...................................

...THE GALVESTON CLIMATE SUMMARY FOR SEPTEMBER 30 2022...

CLIMATE NORMAL PERIOD: 1991 TO 2020
CLIMATE RECORD PERIOD: 1875 TO 2022


WEATHER ITEM   OBSERVED TIME   RECORD YEAR NORMAL DEPARTURE LAST
                VALUE   (LST)  VALUE       VALUE  FROM      YEAR
                                                  NORMAL
...................................................................
TEMPERATURE (F)
 YESTERDAY
  MAXIMUM         80   2:55 PM  91    1990  86     -6       87
                                      1998
  MINIMUM         65   6:37 AM  56    1890  73     -8       80
                                      1920
  AVERAGE         73                        80     -7       84

PRECIPITATION (IN)
  YESTERDAY        0.00          4.33 1945   0.16  -0.16     0.17
  MONTH TO DATE    2.80                      6.65  -3.85     6.40
  SINCE SEP 1      2.80                      6.65  -3.85     6.40
  SINCE JAN 1     25.57                     33.56  -7.99    34.43

SNOWFALL (IN)
  YESTERDAY        0.0
  MONTH TO DATE    0.0
  SINCE SEP 1      0.0
  SINCE JUL 1      0.0

DEGREE DAYS
 HEATING
  YESTERDAY        0                         0      0        0
  MONTH TO DATE    0                         0      0        0
  SINCE SEP 1      0                         0      0        0
  SINCE JUL 1      0                         0      0        0

 COOLING
  YESTERDAY        8                        15     -7       19
  MONTH TO DATE  562                       522     40      547
  SINCE SEP 1    562                       522     40      547
  SINCE JAN 1   3694                      3107    587     3151
...................................................................


WIND (MPH)
  HIGHEST WIND SPEED    17   HIGHEST WIND DIRECTION    NE (40)
  HIGHEST GUST SPEED    22   HIGHEST GUST DIRECTION    NE (40)
  AVERAGE WIND SPEED     9.4


WEATHER CONDITIONS
THE FOLLOWING WEATHER WAS RECORDED YESTERDAY.
  NO SIGNIFICANT WEATHER WAS OBSERVED.


RELATIVE HUMIDITY (PERCENT)
 HIGHEST    61
 LOWEST     32
 AVERAGE    47

..........................................................


THE GALVESTON CLIMATE NORMALS FOR TODAY
                         NORMAL    RECORD    YEAR
 MAXIMUM TEMPERATURE (F)   86        91      1938
 MINIMUM TEMPERATURE (F)   73        56      1985


SUNRISE AND SUNSET
OCTOBER  1 2022.......SUNRISE   7:13 AM CDT   SUNSET   7:05 PM CDT
OCTOBER  2 2022.......SUNRISE   7:13 AM CDT   SUNSET   7:04 PM CDT


-  INDICATES NEGATIVE NUMBERS.
R  INDICATES RECORD WAS SET OR TIED.
MM INDICATES DATA IS MISSING.
T  INDICATES TRACE AMOUNT.




$$
