000
CDUS42 KJAX 290539
CLIGNV

CLIMATE REPORT
NATIONAL WEATHER SERVICE JACKSONVILLE FL
139 AM EDT THU SEP 29 2022

...................................

...THE GAINESVILLE CLIMATE SUMMARY FOR SEPTEMBER 28 2022...

CLIMATE NORMAL PERIOD: 1991 TO 2020
CLIMATE RECORD PERIOD: 1890 TO 2022


WEATHER ITEM   OBSERVED TIME   RECORD YEAR NORMAL DEPARTURE LAST
                VALUE   (LST)  VALUE       VALUE  FROM      YEAR
                                                  NORMAL
...................................................................
TEMPERATURE (F)
 YESTERDAY
  MAXIMUM         72   7:28 AM  94    1976  86    -14       87
  MINIMUM         59  11:51 PM  54    1962  67     -8       63
  AVERAGE         66                        77    -11       75

PRECIPITATION (IN)
  YESTERDAY        0.41          2.05 1966   0.14   0.27     0.00
  MONTH TO DATE    3.67                      4.79  -1.12     8.67
  SINCE SEP 1      3.67                      4.79  -1.12     8.67
  SINCE JAN 1     49.19                     40.70   8.49    57.15

SNOWFALL (IN)
  YESTERDAY        0.0           0.0    MM

DEGREE DAYS
 HEATING
  YESTERDAY        0                         0      0        0
  MONTH TO DATE    0                         0      0        0
  SINCE SEP 1      0                         0      0        0
  SINCE JUL 1      0                         0      0        0

 COOLING
  YESTERDAY        1                        12    -11       10
  MONTH TO DATE  407                       389     18      391
  SINCE SEP 1    407                       389     18      391
  SINCE JAN 1   2708                      2406    302     2440
...................................................................


WIND (MPH)
  HIGHEST WIND SPEED    25   HIGHEST WIND DIRECTION     N (20)
  HIGHEST GUST SPEED    36   HIGHEST GUST DIRECTION     N (10)
  AVERAGE WIND SPEED    14.6


SKY COVER
  AVERAGE SKY COVER 0.8


WEATHER CONDITIONS
THE FOLLOWING WEATHER WAS RECORDED YESTERDAY.
  HEAVY RAIN
  RAIN
  LIGHT RAIN
  FOG


RELATIVE HUMIDITY (PERCENT)
 HIGHEST    96           3:00 PM
 LOWEST     61           1:00 AM
 AVERAGE    79

..........................................................


THE GAINESVILLE CLIMATE NORMALS FOR TODAY
                         NORMAL    RECORD    YEAR
 MAXIMUM TEMPERATURE (F)   86        94      1972
 MINIMUM TEMPERATURE (F)   67        50      1967


SUNRISE AND SUNSET
SEPTEMBER 29 2022.....SUNRISE   7:21 AM EDT   SUNSET   7:17 PM EDT
SEPTEMBER 30 2022.....SUNRISE   7:22 AM EDT   SUNSET   7:16 PM EDT


-  INDICATES NEGATIVE NUMBERS.
R  INDICATES RECORD WAS SET OR TIED.
MM INDICATES DATA IS MISSING.
T  INDICATES TRACE AMOUNT.




$$
