367
CDUS43 KGRB 202124
CLIGRB


CLIMATE REPORT
NATIONAL WEATHER SERVICE GREEN BAY
423 PM CDT TUE AUG 20 2019


...................................

...THE GREEN BAY WI CLIMATE SUMMARY FOR AUGUST 20 2019...
VALID TODAY AS OF 0400 PM LOCAL TIME.

CLIMATE NORMAL PERIOD 1981 TO 2010
CLIMATE RECORD PERIOD 1886 TO 2019


WEATHER ITEM   OBSERVED TIME   RECORD YEAR NORMAL DEPARTURE LAST
                VALUE   (LST)  VALUE       VALUE  FROM      YEAR
                                                  NORMAL
..................................................................
TEMPERATURE (F)
 TODAY
  MAXIMUM         83    245 PM  97    1955  77      6       78
  MINIMUM         55    501 AM  39    1950  57     -2       60
  AVERAGE         69                        67      2       69

PRECIPITATION (IN)
  TODAY            0.00          2.98 2010   0.11  -0.11      T
  MONTH TO DATE    4.48                      2.26   2.22     0.97
  SINCE JUN 1     12.72                      9.64   3.08     8.91
  SINCE JAN 1     28.25                     19.29   8.96    20.94

SNOWFALL (IN)
  TODAY            0.0           0.0    MM   0.0    0.0      0.0
  MONTH TO DATE    0.0                       0.0    0.0      0.0
  SINCE JUN 1      0.0                       0.0    0.0      0.0
  SINCE JUL 1      0.0                       0.0    0.0      0.0
  SNOW DEPTH       0

DEGREE DAYS
 HEATING
  TODAY            0                         1     -1        0
  MONTH TO DATE    0                        20    -20        3
  SINCE JUN 1     68                       135    -67       30
  SINCE JUL 1      0                        43    -43        3

 COOLING
  TODAY            4                         3      1        4
  MONTH TO DATE  111                        78     33      144
  SINCE JUN 1    448                       311    137      475
  SINCE JAN 1    462                       329    133      568
..................................................................


WIND (MPH)
  HIGHEST WIND SPEED    14   HIGHEST WIND DIRECTION     S (170)
  HIGHEST GUST SPEED    19   HIGHEST GUST DIRECTION     S (190)
  AVERAGE WIND SPEED     3.8


SKY COVER
  POSSIBLE SUNSHINE  MM
  AVERAGE SKY COVER 0.1


WEATHER CONDITIONS
 THE FOLLOWING WEATHER WAS RECORDED TODAY.
  FOG


RELATIVE HUMIDITY (PERCENT)
 HIGHEST   100           100 AM
 LOWEST     55           100 PM
 AVERAGE    78

..........................................................


THE GREEN BAY WI CLIMATE NORMALS FOR TOMORROW
                         NORMAL    RECORD    YEAR
 MAXIMUM TEMPERATURE (F)   77        99      1955
 MINIMUM TEMPERATURE (F)   57        39      2004


SUNRISE AND SUNSET
AUGUST 20 2019........SUNRISE   601 AM CDT   SUNSET   750 PM CDT
AUGUST 21 2019........SUNRISE   602 AM CDT   SUNSET   748 PM CDT


-  INDICATES NEGATIVE NUMBERS.
R  INDICATES RECORD WAS SET OR TIED.
MM INDICATES DATA IS MISSING.
T  INDICATES TRACE AMOUNT.




$$
