000
CDUS43 KGID 010629
CLIGRI

CLIMATE REPORT
NATIONAL WEATHER SERVICE HASTINGS NE
129 AM CDT SAT OCT 01 2022

...................................

...THE GRAND ISLAND NE CLIMATE SUMMARY FOR SEPTEMBER 30 2022...

CLIMATE NORMAL PERIOD 1991 TO 2020
CLIMATE RECORD PERIOD 1895 TO 2022


WEATHER ITEM   OBSERVED TIME   RECORD YEAR NORMAL DEPARTURE LAST
                VALUE   (LST)  VALUE       VALUE  FROM      YEAR
                                                  NORMAL
...................................................................
TEMPERATURE (F)
 YESTERDAY
  MAXIMUM         85    212 PM  95    2019  74     11       69
  MINIMUM         55    719 AM  20    1920  48      7       56
  AVERAGE         70                        61      9       63

PRECIPITATION (IN)
  YESTERDAY        0.00          0.68 1907   0.07  -0.07     0.04
  MONTH TO DATE    1.29                      2.00  -0.71     1.48
  SINCE SEP 1      1.29                      2.00  -0.71     1.48
  SINCE JAN 1     14.00                     22.68  -8.68    25.80

SNOWFALL (IN)
  YESTERDAY        0.0           T    1961   0.0    0.0      0.0
  MONTH TO DATE    0.0                       0.1   -0.1      0.0
  SINCE SEP 1      0.0                       0.1   -0.1      0.0
  SINCE JUL 1      0.0                       0.1   -0.1      0.0
  SNOW DEPTH       0

DEGREE DAYS
 HEATING
  YESTERDAY        0                         6     -6        2
  MONTH TO DATE   30                        84    -54       24
  SINCE SEP 1     30                        84    -54       24
  SINCE JUL 1     31                        89    -58       24

 COOLING
  YESTERDAY        5                         2      3        0
  MONTH TO DATE  194                       131     63      168
  SINCE SEP 1    194                       131     63      168
  SINCE JAN 1   1406                      1139    267     1339
...................................................................


WIND (MPH)
  HIGHEST WIND SPEED    25   HIGHEST WIND DIRECTION    SE (150)
  HIGHEST GUST SPEED    36   HIGHEST GUST DIRECTION    SE (150)
  AVERAGE WIND SPEED    15.4


SKY COVER
  AVERAGE SKY COVER 0.0


WEATHER CONDITIONS
THE FOLLOWING WEATHER WAS RECORDED YESTERDAY.
  NO SIGNIFICANT WEATHER WAS OBSERVED.


RELATIVE HUMIDITY (PERCENT)
 HIGHEST    60           100 AM
 LOWEST     28           100 PM
 AVERAGE    44

..........................................................


THE GRAND ISLAND NE CLIMATE NORMALS FOR TODAY
                         NORMAL    RECORD    YEAR
 MAXIMUM TEMPERATURE (F)   73        92      1951
                                             1963
 MINIMUM TEMPERATURE (F)   47        28      1985


SUNRISE AND SUNSET
OCTOBER  1 2022.......SUNRISE   730 AM CDT   SUNSET   715 PM CDT
OCTOBER  2 2022.......SUNRISE   731 AM CDT   SUNSET   713 PM CDT


-  INDICATES NEGATIVE NUMBERS.
R  INDICATES RECORD WAS SET OR TIED.
MM INDICATES DATA IS MISSING.
T  INDICATES TRACE AMOUNT.




$$
