000
CDUS43 KGRR 010542
CLIGRR

CLIMATE REPORT
NATIONAL WEATHER SERVICE GRAND RAPIDS, MICHIGAN
142 AM EDT SAT OCT 01 2022

...................................

...THE GRAND RAPIDS CLIMATE SUMMARY FOR SEPTEMBER 30 2022...

CLIMATE NORMAL PERIOD: 1991 TO 2020
CLIMATE RECORD PERIOD: 1892 TO 2022


WEATHER ITEM   OBSERVED TIME   RECORD YEAR NORMAL DEPARTURE LAST
                VALUE   (LST)  VALUE       VALUE  FROM      YEAR
                                                  NORMAL
...................................................................
TEMPERATURE (F)
 YESTERDAY
  MAXIMUM         66   4:01 PM  85    1922  68     -2       76
                                      1971
  MINIMUM         40   7:09 AM  30    1993  48     -8       49
  AVERAGE         53                        58     -5       63

PRECIPITATION (IN)
  YESTERDAY        0.00          3.10 1981   0.12  -0.12     0.00
  MONTH TO DATE    1.30                      3.43  -2.13     3.34
  SINCE SEP 1      1.30                      3.43  -2.13     3.34
  SINCE JAN 1     28.91                     29.80  -0.89    27.15

SNOWFALL (IN)
  YESTERDAY        0.0           T    2003   0.0    0.0      0.0
  MONTH TO DATE    0.0                       0.0    0.0      0.0
  SINCE SEP 1      0.0                       0.0    0.0      0.0
  SINCE JUL 1      0.0                       0.0    0.0      0.0
  SNOW DEPTH       0

DEGREE DAYS
 HEATING
  YESTERDAY       12                         8      4        2
  MONTH TO DATE  114                       118     -4       46
  SINCE SEP 1    114                       118     -4       46
  SINCE JUL 1    121                       135    -14       46

 COOLING
  YESTERDAY        0                         1     -1        0
  MONTH TO DATE   84                        73     11       70
  SINCE SEP 1     84                        73     11       70
  SINCE JAN 1    797                       725     72      870
...................................................................


WIND (MPH)
  RESULTANT WIND SPEED   3   RESULTANT WIND DIRECTION   E (70)
  HIGHEST WIND SPEED     9   HIGHEST WIND DIRECTION    NE (50)
  HIGHEST GUST SPEED    13   HIGHEST GUST DIRECTION    NE (60)
  AVERAGE WIND SPEED     3.7


SKY COVER
  POSSIBLE SUNSHINE 100%
  AVERAGE SKY COVER 0.1


WEATHER CONDITIONS
THE FOLLOWING WEATHER WAS RECORDED YESTERDAY.
  FOG


RELATIVE HUMIDITY (PERCENT)
 HIGHEST    97           8:00 AM
 LOWEST     45           4:00 PM
 AVERAGE    71

..........................................................


THE GRAND RAPIDS CLIMATE NORMALS FOR TODAY
                         NORMAL    RECORD    YEAR
 MAXIMUM TEMPERATURE (F)   68        89      1897
 MINIMUM TEMPERATURE (F)   47        27      1899


SUNRISE AND SUNSET
OCTOBER  1 2022.......SUNRISE   7:39 AM EDT   SUNSET   7:23 PM EDT
OCTOBER  2 2022.......SUNRISE   7:40 AM EDT   SUNSET   7:21 PM EDT


-  INDICATES NEGATIVE NUMBERS.
R  INDICATES RECORD WAS SET OR TIED.
MM INDICATES DATA IS MISSING.
T  INDICATES TRACE AMOUNT.




$$
