000
CDUS42 KRAH 020527
CLIGSO

CLIMATE REPORT
NATIONAL WEATHER SERVICE RALEIGH NC
127 AM EDT SUN OCT 02 2022

...................................

...THE GREENSBORO NC CLIMATE SUMMARY FOR OCTOBER 1 2022...

CLIMATE NORMAL PERIOD 1991 TO 2020
CLIMATE RECORD PERIOD 1903 TO 2022


WEATHER ITEM   OBSERVED TIME   RECORD YEAR NORMAL DEPARTURE LAST
                VALUE   (LST)  VALUE       VALUE  FROM      YEAR
                                                  NORMAL
...................................................................
TEMPERATURE (F)
 YESTERDAY
  MAXIMUM         60    135 PM  90    1933  76    -16       78
                                      1954
                                      1986
  MINIMUM         53    129 AM  35    1924  56     -3       55
  AVERAGE         57                        66     -9       67

PRECIPITATION (IN)
  YESTERDAY        0.32          4.06 1929   0.12   0.20     0.00
  MONTH TO DATE    0.32                      0.12   0.20     0.00
  SINCE SEP 1      5.76                      4.71   1.05     3.68
  SINCE JAN 1     37.77                     34.53   3.24    35.95

DEGREE DAYS
 HEATING
  YESTERDAY        8                         2      6        0
  MONTH TO DATE    8                         2      6        0
  SINCE SEP 1     42                        24     18       11
  SINCE JUL 1     42                        24     18       11

 COOLING
  YESTERDAY        0                         3     -3        2
  MONTH TO DATE    0                         3     -3        2
  SINCE SEP 1    193                       203    -10      195
  SINCE JAN 1   1581                      1513     68     1479
...................................................................


WIND (MPH)
  HIGHEST WIND SPEED    23   HIGHEST WIND DIRECTION    NE (50)
  HIGHEST GUST SPEED    30   HIGHEST GUST DIRECTION    NE (50)
  AVERAGE WIND SPEED     7.1


SKY COVER
  POSSIBLE SUNSHINE  MM
  AVERAGE SKY COVER 1.0


WEATHER CONDITIONS
THE FOLLOWING WEATHER WAS RECORDED YESTERDAY.
  LIGHT RAIN
  FOG


RELATIVE HUMIDITY (PERCENT)
 HIGHEST    97           200 PM
 LOWEST     86          1000 PM
 AVERAGE    92

..........................................................


THE GREENSBORO NC CLIMATE NORMALS FOR TODAY
                         NORMAL    RECORD    YEAR
 MAXIMUM TEMPERATURE (F)   75        94      2019
 MINIMUM TEMPERATURE (F)   55        32      1947


SUNRISE AND SUNSET
OCTOBER  2 2022.......SUNRISE   716 AM EDT   SUNSET   702 PM EDT
OCTOBER  3 2022.......SUNRISE   717 AM EDT   SUNSET   700 PM EDT


-  INDICATES NEGATIVE NUMBERS.
R  INDICATES RECORD WAS SET OR TIED.
MM INDICATES DATA IS MISSING.
T  INDICATES TRACE AMOUNT.




$$
