000
CDUS45 KTFX 302240
CLIGTF

CLIMATE REPORT
NATIONAL WEATHER SERVICE GREAT FALLS MT
440 PM MDT FRI SEP 30 2022

...................................

...THE GREAT FALLS MT CLIMATE SUMMARY FOR SEPTEMBER 30 2022...
VALID TODAY AS OF 0400 PM LOCAL TIME.

CLIMATE NORMAL PERIOD 1991 TO 2020
CLIMATE RECORD PERIOD 1886 TO 2022


WEATHER ITEM   OBSERVED TIME   RECORD YEAR NORMAL DEPARTURE LAST
                VALUE   (LST)  VALUE       VALUE  FROM      YEAR
                                                  NORMAL
...................................................................
TEMPERATURE (F)
 TODAY
  MAXIMUM         53    141 PM  91    1992  65    -12       72
  MINIMUM         44    547 AM  12    2019  39      5       34
  AVERAGE         49                        52     -3       53

PRECIPITATION (IN)
  TODAY            0.94R         0.92 1977   0.04   0.90     0.00
  MONTH TO DATE    1.93                      1.33   0.60     0.26
  SINCE OCT 1     12.14                     14.76  -2.62    12.97
  SINCE JAN 1     10.85                     12.48  -1.63     9.90

DEGREE DAYS
 HEATING
  TODAY           16                        13      3       12
  MONTH TO DATE  150                       257   -107      178
  SINCE SEP 1    150                       257   -107      178
  SINCE JUL 1    163                       371   -208      282

 COOLING
  TODAY            0                         0      0        0
  MONTH TO DATE   74                        25     49       29
  SINCE SEP 1     74                        25     49       29
  SINCE JAN 1    535                       308    227      545
...................................................................


WIND (MPH)
  HIGHEST WIND SPEED    14   HIGHEST WIND DIRECTION     W (260)
  HIGHEST GUST SPEED    17   HIGHEST GUST DIRECTION     W (260)
  AVERAGE WIND SPEED     6.6


SKY COVER
  AVERAGE SKY COVER 1.0


WEATHER CONDITIONS
THE FOLLOWING WEATHER WAS RECORDED TODAY.
  HEAVY RAIN
  RAIN
  LIGHT RAIN
  FOG


RELATIVE HUMIDITY (PERCENT)
 HIGHEST    97           200 PM
 LOWEST     83           400 AM
 AVERAGE    90

..........................................................


THE GREAT FALLS MT CLIMATE NORMALS FOR TOMORROW
                         NORMAL    RECORD    YEAR
 MAXIMUM TEMPERATURE (F)   65        91      1992
 MINIMUM TEMPERATURE (F)   38         9      2019


SUNRISE AND SUNSET
SEPTEMBER 30 2022.....SUNRISE   723 AM MDT   SUNSET   707 PM MDT
OCTOBER  1 2022.......SUNRISE   725 AM MDT   SUNSET   705 PM MDT


-  INDICATES NEGATIVE NUMBERS.
R  INDICATES RECORD WAS SET OR TIED.
MM INDICATES DATA IS MISSING.
T  INDICATES TRACE AMOUNT.




$$
