000
CDGM40 PGUM 061603
CLIGUM

CLIMATE REPORT
NATIONAL WEATHER SERVICE TIYAN GUAM
203 AM CHST FRI OCT 07 2022

...................................

...THE GUAM INTERNATIONAL AIRPORT CLIMATE SUMMARY FOR OCTOBER 6 2022...

CLIMATE NORMAL PERIOD: 1991 TO 2020
CLIMATE RECORD PERIOD: 1945 TO 2022


WEATHER ITEM   OBSERVED TIME   RECORD YEAR NORMAL DEPARTURE LAST
                VALUE   (LST)  VALUE       VALUE  FROM      YEAR
                                                  NORMAL
...................................................................
TEMPERATURE (F)
 YESTERDAY
  MAXIMUM         88   2:12 PM  93    1989  87      1       85
  MINIMUM         76   6:03 AM  70    1945  76      0       74
  AVERAGE         82                        82      0       80

PRECIPITATION (IN)
  YESTERDAY        0.10          4.03 1995   0.45  -0.35     3.18
  MONTH TO DATE    1.10                      2.84  -1.74     9.13
  SINCE SEP 1     14.84                     18.01  -3.17    20.74
  SINCE JAN 1     59.07                     74.64 -15.57    68.00

SNOWFALL (IN)
  YESTERDAY        0.0
  MONTH TO DATE    0.0
  SINCE SEP 1      0.0
  SINCE JUL 1      0.0
  SNOW DEPTH       0

DEGREE DAYS
 HEATING
  YESTERDAY        0                         0      0        0
  MONTH TO DATE    0                         0      0        0
  SINCE SEP 1      0                         0      0        0
  SINCE JUL 1      0                         0      0        0

 COOLING
  YESTERDAY       17                        16      1       15
  MONTH TO DATE  100                        96      4       92
  SINCE SEP 1    591                       591      0      622
  SINCE JAN 1   4603                      4657    -54     4871
...................................................................


WIND (MPH)
  RESULTANT WIND SPEED   2   RESULTANT WIND DIRECTION   W (270)
  HIGHEST WIND SPEED    12   HIGHEST WIND DIRECTION    SW (220)
  HIGHEST GUST SPEED    16   HIGHEST GUST DIRECTION    SW (220)
  AVERAGE WIND SPEED     2.6


SKY COVER
  POSSIBLE SUNSHINE  MM
  AVERAGE SKY COVER 0.3


WEATHER CONDITIONS
THE FOLLOWING WEATHER WAS RECORDED YESTERDAY.
  THUNDERSTORM
  RAIN
  LIGHT RAIN


RELATIVE HUMIDITY (PERCENT)
 HIGHEST    97          10:00 PM
 LOWEST     75          11:00 AM
 AVERAGE    86

..........................................................


THE GUAM INTERNATIONAL AIRPORT CLIMATE NORMALS FOR TODAY
                         NORMAL    RECORD    YEAR
 MAXIMUM TEMPERATURE (F)   87        92      1966
 MINIMUM TEMPERATURE (F)   76        71      1993


SUNRISE AND SUNSET
OCTOBER  7 2022.......SUNRISE   6:11 AM CHST  SUNSET   6:07 PM CHST
OCTOBER  8 2022.......SUNRISE   6:11 AM CHST  SUNSET   6:06 PM CHST


-  INDICATES NEGATIVE NUMBERS.
R  INDICATES RECORD WAS SET OR TIED.
MM INDICATES DATA IS MISSING.
T  INDICATES TRACE AMOUNT.




$$
