000
CDUS44 KAMA 291408
CLIGUY

CLIMATE REPORT
NATIONAL WEATHER SERVICE AMARILLO
908 AM CDT THU SEP 29 2022

...................................

...THE GUYMON CLIMATE SUMMARY FOR SEPTEMBER 29 2022...
VALID AS OF 0900 AM LOCAL TIME.

CLIMATE NORMAL PERIOD: 1991 TO 2020
CLIMATE RECORD PERIOD: 1998 TO 2022


WEATHER ITEM   OBSERVED TIME   RECORD YEAR NORMAL DEPARTURE LAST
                VALUE   (LST)  VALUE       VALUE  FROM      YEAR
                                                  NORMAL
...................................................................
TEMPERATURE (F)
 TODAY
  MINIMUM         53   7:00 AM  MM      MM  51      2       60

PRECIPITATION (IN)
  TODAY            0.00         MM      MM   0.05  -0.05     0.00
  MONTH TO DATE    0.19                      1.30  -1.11     0.03
  SINCE SEP 1      0.19                      1.30  -1.11     0.03
  SINCE JAN 1      9.17                     14.74  -5.57    12.12

SNOWFALL (IN)
  TODAY           MM            MM      MM  MM     MM       MM
  MONTH TO DATE   MM                         0.0   MM       MM
  SINCE SEP 1     MM                         0.0   MM       MM
  SINCE JUL 1     MM                        MM     MM       MM
  SNOW DEPTH      MM

...................................................................


WIND (MPH)
  RESULTANT WIND SPEED   2   RESULTANT WIND DIRECTION   S (160)
  HIGHEST WIND SPEED     7   HIGHEST WIND DIRECTION     S (160)
  HIGHEST GUST SPEED     9   HIGHEST GUST DIRECTION     S (170)
  AVERAGE WIND SPEED     1.7


SKY COVER
  AVERAGE SKY COVER 0.0


WEATHER CONDITIONS
THE FOLLOWING WEATHER WAS RECORDED TODAY.
  NO SIGNIFICANT WEATHER WAS OBSERVED.


RELATIVE HUMIDITY (PERCENT)
 HIGHEST    66           6:00 AM
 LOWEST     45          12:00 AM
 AVERAGE    56

..........................................................


THE GUYMON CLIMATE NORMALS FOR TOMORROW
                         NORMAL    RECORD    YEAR
 MAXIMUM TEMPERATURE (F)   80        MM        MM
 MINIMUM TEMPERATURE (F)   51        MM        MM


SUNRISE AND SUNSET
SEPTEMBER 29 2022.....SUNRISE   7:40 AM CDT   SUNSET   7:32 PM CDT
SEPTEMBER 30 2022.....SUNRISE   7:40 AM CDT   SUNSET   7:31 PM CDT


-  INDICATES NEGATIVE NUMBERS.
R  INDICATES RECORD WAS SET OR TIED.
MM INDICATES DATA IS MISSING.
T  INDICATES TRACE AMOUNT.




$$
