000
CDUS44 KJAN 292108
CLIHBG

CLIMATE REPORT
NATIONAL WEATHER SERVICE JACKSON MS
408 PM CDT THU SEP 29 2022

...................................

...THE HATTIESBURG CLIMATE SUMMARY FOR SEPTEMBER 29 2022...
VALID TODAY AS OF 0400 PM LOCAL TIME.

CLIMATE NORMAL PERIOD: 1991 TO 2020
CLIMATE RECORD PERIOD: 1893 TO 2022


WEATHER ITEM   OBSERVED TIME   RECORD YEAR NORMAL DEPARTURE LAST
                VALUE   (LST)  VALUE       VALUE  FROM      YEAR
                                                  NORMAL
...................................................................
TEMPERATURE (F)
 TODAY
  MAXIMUM         77   2:49 PM  99    1911  85     -8       87
  MINIMUM         48   5:52 AM  42    1895  63    -15       70
  AVERAGE         63                        74    -11       79

PRECIPITATION (IN)
  TODAY            0.00          2.78 1977   0.12  -0.12     0.41
  MONTH TO DATE    0.86                      4.03  -3.17     6.92
  SINCE SEP 1      0.86                      4.03  -3.17     6.92
  SINCE JAN 1     47.53                     46.41   1.12    69.48

SNOWFALL (IN)
  TODAY            0.0

DEGREE DAYS
 HEATING
  TODAY            2                         0      2        0
  MONTH TO DATE    2                         0      2        0
  SINCE SEP 1      2                         0      2        0
  SINCE JUL 1      2                         0      2        0

 COOLING
  TODAY            0                         9     -9       14
  MONTH TO DATE  352                       365    -13      344
  SINCE SEP 1    352                       365    -13      344
  SINCE JAN 1   2566                      2288    278     2248
...................................................................


WIND (MPH)
  HIGHEST WIND SPEED    21   HIGHEST WIND DIRECTION     N (360)
  HIGHEST GUST SPEED    29   HIGHEST GUST DIRECTION     N (350)
  AVERAGE WIND SPEED     8.1


SKY COVER
  POSSIBLE SUNSHINE  MM
  AVERAGE SKY COVER 0.0


WEATHER CONDITIONS
THE FOLLOWING WEATHER WAS RECORDED TODAY.
  NO SIGNIFICANT WEATHER WAS OBSERVED.


RELATIVE HUMIDITY (PERCENT)
 HIGHEST    77           6:00 AM
 LOWEST     29           1:00 PM
 AVERAGE    53

..........................................................


THE HATTIESBURG CLIMATE NORMALS FOR TOMORROW
                         NORMAL    RECORD    YEAR
 MAXIMUM TEMPERATURE (F)   85        98      1911
 MINIMUM TEMPERATURE (F)   62        40      1895
                                             1916


SUNRISE AND SUNSET
SEPTEMBER 29 2022.....SUNRISE   6:50 AM CDT   SUNSET   6:45 PM CDT
SEPTEMBER 30 2022.....SUNRISE   6:50 AM CDT   SUNSET   6:43 PM CDT


-  INDICATES NEGATIVE NUMBERS.
R  INDICATES RECORD WAS SET OR TIED.
MM INDICATES DATA IS MISSING.
T  INDICATES TRACE AMOUNT.




$$
