000
CDUS41 KLWX 061316
CLIHGR

CLIMATE REPORT
NATIONAL WEATHER SERVICE BALTIMORE MD/WASHINGTON DC
916 AM EDT THU OCT 06 2022

...................................

...THE HAGERSTOWN MD CLIMATE SUMMARY FOR OCTOBER 5 2022...

CLIMATE NORMAL PERIOD: 1991 TO 2020
CLIMATE RECORD PERIOD: 1998 TO 2022


WEATHER ITEM   OBSERVED TIME   NORMAL DEPARTURE LAST
                VALUE   (LST)  VALUE  FROM      YEAR
                                      NORMAL
.......................................................
TEMPERATURE (F)
 YESTERDAY
  MAXIMUM         68   3:48 PM  70     -2       76
  MINIMUM         51   7:21 AM  52     -1       63
  AVERAGE         60            61     -1       70

PRECIPITATION (IN)
  YESTERDAY        T             0.10  -0.10     0.00
  MONTH TO DATE    1.02          0.50   0.52     0.06
  SINCE SEP 1      5.08          4.33   0.75     6.31
  SINCE JAN 1     27.41         27.88  -0.47    27.92

DEGREE DAYS
 HEATING
  YESTERDAY        5             6     -1        0
  MONTH TO DATE   54            25     29        9
  SINCE SEP 1    104            69     35       27
  SINCE JUL 1    104            71     33       27

 COOLING
  YESTERDAY        0             2     -2        5
  MONTH TO DATE    0            10    -10       19
  SINCE SEP 1    149           155     -6      175
  SINCE JAN 1   1275          1236     39     1400
.......................................................


WIND (MPH)
  HIGHEST WIND SPEED    14   HIGHEST WIND DIRECTION    NW (320)
  HIGHEST GUST SPEED    18   HIGHEST GUST DIRECTION    NW (320)
  AVERAGE WIND SPEED     5.8


SKY COVER
  AVERAGE SKY COVER 0.7


WEATHER CONDITIONS
THE FOLLOWING WEATHER WAS RECORDED YESTERDAY.
  FOG


RELATIVE HUMIDITY (PERCENT)
 HIGHEST    89           7:00 AM
 LOWEST     57           5:00 PM
 AVERAGE    73

..........................................................


THE HAGERSTOWN MD CLIMATE NORMALS FOR TODAY
                         NORMAL




SUNRISE AND SUNSET
OCTOBER  6 2022.......SUNRISE   7:12 AM EDT   SUNSET   6:45 PM EDT
OCTOBER  7 2022.......SUNRISE   7:13 AM EDT   SUNSET   6:44 PM EDT


-  INDICATES NEGATIVE NUMBERS.
R  INDICATES RECORD WAS SET OR TIED.
MM INDICATES DATA IS MISSING.
T  INDICATES TRACE AMOUNT.




$$
