000
CDUS46 KHNX 260823
CLIHJO

CLIMATE REPORT
NATIONAL WEATHER SERVICE
123 AM PDT MON SEP 26 2022

...................................

...THE HANFORD CA AIRPORT CLIMATE SUMMARY FOR SEPTEMBER 25 2022...

CLIMATE NORMAL PERIOD 1991 TO 2020
CLIMATE RECORD PERIOD 1898 TO 2022


WEATHER ITEM   OBSERVED TIME   RECORD YEAR NORMAL DEPARTURE LAST
                VALUE   (LST)  VALUE       VALUE  FROM      YEAR
                                                  NORMAL
...................................................................
TEMPERATURE (F)
 YESTERDAY
  MAXIMUM         99    259 PM 102    1919  89     10       88
  MINIMUM         62    622 AM  38    1948  55      7       60
  AVERAGE         81                        72      9       74

PRECIPITATION (IN)
  YESTERDAY        0.00          1.22 1904   0.00   0.00     0.00
  MONTH TO DATE    0.02                      0.02   0.00      T
  SINCE OCT 1      6.38                      8.11  -1.73     4.29
  SINCE JAN 1      1.78                      5.67  -3.89     3.62

SNOWFALL (IN)
  YESTERDAY        0.0          MM      MM  MM
  MONTH TO DATE    0.0                       0.0
  SINCE SEP 1      0.0                       0.0
  SINCE JUL 1      0.0                      MM

DEGREE DAYS
 HEATING
  YESTERDAY        0                         0      0        0
  MONTH TO DATE    0                         0      0        0
  SINCE SEP 1      0                         0      0        0
  SINCE JUL 1      0                         0      0        0

 COOLING
  YESTERDAY       16                         8      8        9
  MONTH TO DATE  386                       265    121      335
  SINCE SEP 1    386                       265    121      335
  SINCE JAN 1   2231                      1766    465     2222
...................................................................


WIND (MPH)
  RESULTANT WIND SPEED   3   RESULTANT WIND DIRECTION  NW (320)
  HIGHEST WIND SPEED     9   HIGHEST WIND DIRECTION    NW (320)
  HIGHEST GUST SPEED    13   HIGHEST GUST DIRECTION    NW (320)
  AVERAGE WIND SPEED     4.3


RELATIVE HUMIDITY (PERCENT)
 HIGHEST    78
 LOWEST     19
 AVERAGE    49

..........................................................


THE HANFORD CA AIRPORT CLIMATE NORMALS FOR TODAY
                         NORMAL    RECORD    YEAR
 MAXIMUM TEMPERATURE (F)   89       105      1963
 MINIMUM TEMPERATURE (F)   55        35      1948


SUNRISE AND SUNSET
SEPTEMBER 26 2022.....SUNRISE   650 AM PDT   SUNSET   649 PM PDT
SEPTEMBER 27 2022.....SUNRISE   650 AM PDT   SUNSET   648 PM PDT


-  INDICATES NEGATIVE NUMBERS.
R  INDICATES RECORD WAS SET OR TIED.
MM INDICATES DATA IS MISSING.
T  INDICATES TRACE AMOUNT.




$$
