000
CDUS44 KJAN 260815
CLIHKS

CLIMATE REPORT
NATIONAL WEATHER SERVICE JACKSON MS
315 AM CDT MON SEP 26 2022

...................................

...THE JACKSON HAWKINS CLIMATE SUMMARY FOR SEPTEMBER 25 2022...

CLIMATE NORMAL PERIOD: 1991 TO 2020
CLIMATE RECORD PERIOD: 9999 TO 9999


WEATHER ITEM   OBSERVED TIME   NORMAL DEPARTURE LAST
                VALUE   (LST)  VALUE  FROM      YEAR
                                      NORMAL
.......................................................
TEMPERATURE (F)
 YESTERDAY
  MAXIMUM         94   2:54 PM  85      9       83
  MINIMUM         70   5:08 AM  65      5       54
  AVERAGE         82            75      7       69

PRECIPITATION (IN)
  YESTERDAY        T             0.10  -0.10     0.00
  MONTH TO DATE    1.55          2.81  -1.26     1.25
  SINCE SEP 1      1.55          2.81  -1.26     1.25
  SINCE JAN 1     54.84         38.32  16.52    44.99

SNOWFALL (IN)
  YESTERDAY        0.0

DEGREE DAYS
 HEATING
  YESTERDAY        0             0      0        0
  MONTH TO DATE    0             0      0        0
  SINCE SEP 1      0             0      0        0
  SINCE JUL 1      0             0      0        0

 COOLING
  YESTERDAY       17            10      7        4
  MONTH TO DATE  351           334     17      314
  SINCE SEP 1    351           334     17      314
  SINCE JAN 1   2590          2307    283     2268
.......................................................


WIND (MPH)
  HIGHEST WIND SPEED    21   HIGHEST WIND DIRECTION    NW (300)
  HIGHEST GUST SPEED    26   HIGHEST GUST DIRECTION     W (290)
  AVERAGE WIND SPEED     3.4


SKY COVER
  POSSIBLE SUNSHINE  MM
  AVERAGE SKY COVER 0.1


WEATHER CONDITIONS
THE FOLLOWING WEATHER WAS RECORDED YESTERDAY.
  LIGHT RAIN


RELATIVE HUMIDITY (PERCENT)
 HIGHEST    87          11:00 PM
 LOWEST     41           4:00 PM
 AVERAGE    64

..........................................................


THE JACKSON HAWKINS CLIMATE NORMALS FOR TODAY
                         NORMAL




SUNRISE AND SUNSET
SEPTEMBER 26 2022.....SUNRISE   6:52 AM CDT   SUNSET   6:52 PM CDT
SEPTEMBER 27 2022.....SUNRISE   6:52 AM CDT   SUNSET   6:51 PM CDT


-  INDICATES NEGATIVE NUMBERS.
R  INDICATES RECORD WAS SET OR TIED.
MM INDICATES DATA IS MISSING.
T  INDICATES TRACE AMOUNT.




$$
