000
CDUS41 KPBZ 060536
CLIHLG

CLIMATE REPORT
NATIONAL WEATHER SERVICE PITTSBURGH PA
136 AM EDT THU OCT 06 2022

...................................

...THE WHEELING WV CLIMATE SUMMARY FOR OCTOBER 5 2022...

CLIMATE NORMAL PERIOD 1991 TO 2020
CLIMATE RECORD PERIOD 1878 TO 2022


WEATHER ITEM   OBSERVED TIME   RECORD YEAR NORMAL DEPARTURE LAST
                VALUE   (LST)  VALUE       VALUE  FROM      YEAR
                                                  NORMAL
...................................................................
TEMPERATURE (F)
 YESTERDAY
  MAXIMUM         72    359 PM  87    1922  68      4       78
                                      1946
                                      2007
  MINIMUM         42    529 AM  26    1935  49     -7       55
  AVERAGE         57                        58     -1       67

PRECIPITATION (IN)
  YESTERDAY        0.00          1.20 1904   0.09  -0.09     0.00
  MONTH TO DATE    1.19                      0.46   0.73     0.39
  SINCE SEP 1      3.65                      3.67  -0.02     3.93
  SINCE JAN 1     33.78                     29.93   3.85    31.89

DEGREE DAYS
 HEATING
  YESTERDAY        8                         8      0        0
  MONTH TO DATE   54                        35     19       12
  SINCE SEP 1    143                       118     25       57
  SINCE JUL 1    143                       128     15       57

 COOLING
  YESTERDAY        0                         1     -1        2
  MONTH TO DATE    0                         5     -5        6
  SINCE SEP 1     93                        89      4      109
  SINCE JAN 1    878                       771    107      970
...................................................................


WIND (MPH)
  HIGHEST WIND SPEED     9   HIGHEST WIND DIRECTION    NW (310)
  HIGHEST GUST SPEED    12   HIGHEST GUST DIRECTION    NW (320)
  AVERAGE WIND SPEED     2.6


SKY COVER
  POSSIBLE SUNSHINE  MM
  AVERAGE SKY COVER 0.1


WEATHER CONDITIONS
THE FOLLOWING WEATHER WAS RECORDED YESTERDAY.
  FOG


RELATIVE HUMIDITY (PERCENT)
 HIGHEST    96           100 AM
 LOWEST     31           300 PM
 AVERAGE    64

..........................................................


THE WHEELING WV CLIMATE NORMALS FOR TODAY
                         NORMAL    RECORD    YEAR
 MAXIMUM TEMPERATURE (F)   68        90      1941
 MINIMUM TEMPERATURE (F)   49        27      1935


SUNRISE AND SUNSET
OCTOBER  6 2022.......SUNRISE   724 AM EDT   SUNSET   657 PM EDT
OCTOBER  7 2022.......SUNRISE   725 AM EDT   SUNSET   655 PM EDT


-  INDICATES NEGATIVE NUMBERS.
R  INDICATES RECORD WAS SET OR TIED.
MM INDICATES DATA IS MISSING.
T  INDICATES TRACE AMOUNT.




$$
