000
CDUS45 KTFX 290734
CLIHLN

CLIMATE REPORT
NATIONAL WEATHER SERVICE GREAT FALLS MT
134 AM MDT THU SEP 29 2022

...................................

...THE HELENA MT CLIMATE SUMMARY FOR SEPTEMBER 28 2022...

CLIMATE NORMAL PERIOD 1991 TO 2020
CLIMATE RECORD PERIOD 1866 TO 2022


WEATHER ITEM   OBSERVED TIME   RECORD YEAR NORMAL DEPARTURE LAST
                VALUE   (LST)  VALUE       VALUE  FROM      YEAR
                                                  NORMAL
...................................................................
TEMPERATURE (F)
 YESTERDAY
  MAXIMUM         84    301 PM  89    1892  68     16       64
  MINIMUM         47    638 AM  19    1965  41      6       44
  AVERAGE         66                        54     12       54

PRECIPITATION (IN)
  YESTERDAY        0.00          0.65 1940   0.03  -0.03     0.00
  MONTH TO DATE    0.93                      0.90   0.03     0.03
  SINCE OCT 1      8.50                     11.34  -2.84     9.78
  SINCE JAN 1      7.07                      9.51  -2.44     7.18

SNOWFALL (IN)
  YESTERDAY        0.0           5.6  1925   0.1   -0.1      0.0
  MONTH TO DATE    0.0                       0.2   -0.2      0.0
  SINCE SEP 1      0.0                       0.2   -0.2      0.0
  SINCE JUL 1      0.0                       0.5   -0.5      0.0
  SNOW DEPTH       0

DEGREE DAYS
 HEATING
  YESTERDAY        0                        11    -11       11
  MONTH TO DATE   88                       187    -99       88
  SINCE SEP 1     88                       187    -99       88
  SINCE JUL 1     90                       250   -160      135

 COOLING
  YESTERDAY        1                         0      1        0
  MONTH TO DATE   83                        27     56       39
  SINCE SEP 1     83                        27     56       39
  SINCE JAN 1    751                       432    319      780
...................................................................


WIND (MPH)
  HIGHEST WIND SPEED    13   HIGHEST WIND DIRECTION     W (260)
  HIGHEST GUST SPEED    17   HIGHEST GUST DIRECTION     W (270)
  AVERAGE WIND SPEED     2.7


SKY COVER
  AVERAGE SKY COVER 0.0


WEATHER CONDITIONS
THE FOLLOWING WEATHER WAS RECORDED YESTERDAY.
  NO SIGNIFICANT WEATHER WAS OBSERVED.


RELATIVE HUMIDITY (PERCENT)
 HIGHEST    71           800 AM
 LOWEST     24           300 PM
 AVERAGE    48

..........................................................


THE HELENA MT CLIMATE NORMALS FOR TODAY
                         NORMAL    RECORD    YEAR
 MAXIMUM TEMPERATURE (F)   67        84      1967
                                             2009
 MINIMUM TEMPERATURE (F)   40        19      1985


SUNRISE AND SUNSET
SEPTEMBER 29 2022.....SUNRISE   724 AM MDT   SUNSET   711 PM MDT
SEPTEMBER 30 2022.....SUNRISE   725 AM MDT   SUNSET   709 PM MDT


-  INDICATES NEGATIVE NUMBERS.
R  INDICATES RECORD WAS SET OR TIED.
MM INDICATES DATA IS MISSING.
T  INDICATES TRACE AMOUNT.




$$
