000
CDHW40 PHFO 020233
CLIHNL

CLIMATE REPORT
NATIONAL WEATHER SERVICE HONOLULU HI
433 PM HST SAT OCT 01 2022

...................................

...THE HONOLULU HI CLIMATE SUMMARY FOR OCTOBER 1 2022...
VALID TODAY AS OF 0425 PM LOCAL TIME.

CLIMATE NORMAL PERIOD 1991 TO 2020
CLIMATE RECORD PERIOD 1940 TO 2022


WEATHER ITEM   OBSERVED TIME   RECORD YEAR NORMAL DEPARTURE LAST
                VALUE   (LST)  VALUE       VALUE  FROM      YEAR
                                                  NORMAL
...................................................................
TEMPERATURE (F)
 TODAY
  MAXIMUM         90    214 PM  92    1986  88      2       89
                                      1988
  MINIMUM         75    647 AM  69    1954  75      0       76
                                      1970
                                      1992
  AVERAGE         83                        81      2       83

PRECIPITATION (IN)
  TODAY            0.00          1.06 1968   0.03  -0.03     0.00
  MONTH TO DATE    0.00                      0.03  -0.03     0.00
  SINCE SEP 1      0.43                      0.91  -0.48     0.12
  SINCE JAN 1      8.97                     10.50  -1.53    10.00

SNOWFALL (IN)
  TODAY           MM
  MONTH TO DATE   MM
  SINCE SEP 1     MM
  SINCE JUL 1     MM
  SNOW DEPTH      MM

DEGREE DAYS
 HEATING
  TODAY            0                         0      0        0
  MONTH TO DATE    0                         0      0        0
  SINCE SEP 1      0                         0      0        0
  SINCE JUL 1      0                         0      0        0

 COOLING
  TODAY           18                        16      2       18
  MONTH TO DATE   18                        16      2       18
  SINCE SEP 1    535                       514     21      525
  SINCE JAN 1   3744                      3591    153     3775
...................................................................


WIND (MPH)
  HIGHEST WIND SPEED    16   HIGHEST WIND DIRECTION    NE (60)
  HIGHEST GUST SPEED    24   HIGHEST GUST DIRECTION    NE (40)
  AVERAGE WIND SPEED     7.4


SKY COVER
  POSSIBLE SUNSHINE  MM
  AVERAGE SKY COVER 0.4


WEATHER CONDITIONS
THE FOLLOWING WEATHER WAS RECORDED TODAY.
  NO SIGNIFICANT WEATHER WAS OBSERVED.


RELATIVE HUMIDITY (PERCENT)
 HIGHEST    79           500 AM
 LOWEST     55          1100 AM
 AVERAGE    67

..........................................................


THE HONOLULU HI CLIMATE NORMALS FOR TOMORROW
                         NORMAL    RECORD    YEAR
 MAXIMUM TEMPERATURE (F)   88        91      1991
                                             1995
                                             1997
 MINIMUM TEMPERATURE (F)   75        68      1952
                                             1992


SUNRISE AND SUNSET
OCTOBER  1 2022.......SUNRISE   623 AM HST   SUNSET   619 PM HST
OCTOBER  2 2022.......SUNRISE   623 AM HST   SUNSET   618 PM HST


-  INDICATES NEGATIVE NUMBERS.
R  INDICATES RECORD WAS SET OR TIED.
MM INDICATES DATA IS MISSING.
T  INDICATES TRACE AMOUNT.




$$
