000
CDUS43 KFSD 260622
CLIHON

CLIMATE REPORT
NATIONAL WEATHER SERVICE SIOUX FALLS SD
122 AM CDT MON SEP 26 2022

...................................

...THE HURON CLIMATE SUMMARY FOR SEPTEMBER 25 2022...

CLIMATE NORMAL PERIOD: 1991 TO 2020
CLIMATE RECORD PERIOD: 1881 TO 2022


WEATHER ITEM   OBSERVED TIME   RECORD YEAR NORMAL DEPARTURE LAST
                VALUE   (LST)  VALUE       VALUE  FROM      YEAR
                                                  NORMAL
...................................................................
TEMPERATURE (F)
 YESTERDAY
  MAXIMUM         73   2:50 PM  93    1967  72      1       81
  MINIMUM         41  11:59 PM  19    1893  45     -4       35
  AVERAGE         57                        59     -2       58

PRECIPITATION (IN)
  YESTERDAY        0.00          1.57 1901   0.08  -0.08     0.00
  MONTH TO DATE    0.15                      2.03  -1.88     3.27
  SINCE SEP 1      0.15                      2.03  -1.88     3.27
  SINCE JAN 1     17.97                     19.49  -1.52    14.15

SNOWFALL (IN)
  YESTERDAY        0.0           T    1939   0.0    0.0      0.0
                                      1965
  MONTH TO DATE    0.0                       0.0    0.0      0.0
  SINCE SEP 1      0.0                       0.0    0.0      0.0
  SINCE JUL 1      0.0                       0.0    0.0      0.0
  SNOW DEPTH       0

DEGREE DAYS
 HEATING
  YESTERDAY        8                         8      0        7
  MONTH TO DATE   57                       105    -48       52
  SINCE SEP 1     57                       105    -48       52
  SINCE JUL 1     59                       131    -72       53

 COOLING
  YESTERDAY        0                         1     -1        0
  MONTH TO DATE  118                        73     45       68
  SINCE SEP 1    118                        73     45       68
  SINCE JAN 1    936                       743    193     1001
...................................................................


WIND (MPH)
  HIGHEST WIND SPEED    29   HIGHEST WIND DIRECTION    NW (330)
  HIGHEST GUST SPEED    39   HIGHEST GUST DIRECTION    NW (330)
  AVERAGE WIND SPEED    13.8


SKY COVER
  POSSIBLE SUNSHINE  MM
  AVERAGE SKY COVER 0.0


WEATHER CONDITIONS
THE FOLLOWING WEATHER WAS RECORDED YESTERDAY.
  NO SIGNIFICANT WEATHER WAS OBSERVED.


RELATIVE HUMIDITY (PERCENT)
 HIGHEST    77           6:00 AM
 LOWEST     24           2:00 PM
 AVERAGE    51

..........................................................


THE HURON CLIMATE NORMALS FOR TODAY
                         NORMAL    RECORD    YEAR
 MAXIMUM TEMPERATURE (F)   71        98      1974
 MINIMUM TEMPERATURE (F)   45        23      1965


SUNRISE AND SUNSET
SEPTEMBER 26 2022.....SUNRISE   7:25 AM CDT   SUNSET   7:23 PM CDT
SEPTEMBER 27 2022.....SUNRISE   7:26 AM CDT   SUNSET   7:21 PM CDT


-  INDICATES NEGATIVE NUMBERS.
R  INDICATES RECORD WAS SET OR TIED.
MM INDICATES DATA IS MISSING.
T  INDICATES TRACE AMOUNT.




$$
