000
CDUS44 KHGX 020726
CLIHOU

CLIMATE REPORT
NATIONAL WEATHER SERVICE HOUSTON/GALVESTON TX
226 AM CDT SUN OCT 02 2022

...................................

...THE HOUSTON/HOBBY AIRPORT CLIMATE SUMMARY FOR OCTOBER 1 2022...

CLIMATE NORMAL PERIOD: 1991 TO 2020
CLIMATE RECORD PERIOD: 1930 TO 2022


WEATHER ITEM   OBSERVED TIME   RECORD YEAR NORMAL DEPARTURE LAST
                VALUE   (LST)  VALUE       VALUE  FROM      YEAR
                                                  NORMAL
...................................................................
TEMPERATURE (F)
 YESTERDAY
  MAXIMUM         86   3:28 PM  97    1938  86      0       81
  MINIMUM         59   6:14 AM  49    1984  69    -10       74
  AVERAGE         73                        78     -5       78

PRECIPITATION (IN)
  YESTERDAY        0.00          0.89 1933   0.18  -0.18     0.26
  MONTH TO DATE    0.00                      0.18  -0.18     0.26
  SINCE SEP 1      1.52                      5.94  -4.42     7.87
  SINCE JAN 1     19.55                     41.78 -22.23    42.59

SNOWFALL (IN)
  YESTERDAY        0.0
  MONTH TO DATE    0.0
  SINCE SEP 1      0.0
  SINCE JUL 1      0.0

DEGREE DAYS
 HEATING
  YESTERDAY        0                         0      0        0
  MONTH TO DATE    0                         0      0        0
  SINCE SEP 1      0                         0      0        0
  SINCE JUL 1      0                         0      0        0

 COOLING
  YESTERDAY        8                        13     -5       13
  MONTH TO DATE    8                        13     -5       13
  SINCE SEP 1    548                       496     52      526
  SINCE JAN 1   3484                      2991    493     3258
...................................................................


WIND (MPH)
  HIGHEST WIND SPEED    14   HIGHEST WIND DIRECTION    NE (50)
  HIGHEST GUST SPEED    20   HIGHEST GUST DIRECTION    NE (60)
  AVERAGE WIND SPEED     4.6


WEATHER CONDITIONS
THE FOLLOWING WEATHER WAS RECORDED YESTERDAY.
  NO SIGNIFICANT WEATHER WAS OBSERVED.


RELATIVE HUMIDITY (PERCENT)
 HIGHEST    69
 LOWEST     23
 AVERAGE    46

..........................................................


THE HOUSTON/HOBBY AIRPORT CLIMATE NORMALS FOR TODAY
                         NORMAL    RECORD    YEAR
 MAXIMUM TEMPERATURE (F)   86        97      1938
 MINIMUM TEMPERATURE (F)   69        51      1939
                                             1984


SUNRISE AND SUNSET
OCTOBER  2 2022.......SUNRISE   7:15 AM CDT   SUNSET   7:05 PM CDT
OCTOBER  3 2022.......SUNRISE   7:16 AM CDT   SUNSET   7:04 PM CDT


-  INDICATES NEGATIVE NUMBERS.
R  INDICATES RECORD WAS SET OR TIED.
MM INDICATES DATA IS MISSING.
T  INDICATES TRACE AMOUNT.




$$
