000
CDUS46 KSEW 050826
CLIHQM

CLIMATE REPORT
NATIONAL WEATHER SERVICE SEATTLE
126 AM PDT WED OCT 05 2022

...................................

...THE HOQUIAM WA AIRPORT CLIMATE SUMMARY FOR OCTOBER 4 2022...

CLIMATE NORMAL PERIOD 1991 TO 2020
CLIMATE RECORD PERIOD 1953 TO 2022


WEATHER ITEM   OBSERVED TIME   RECORD YEAR NORMAL DEPARTURE LAST
                VALUE   (LST)  VALUE       VALUE  FROM      YEAR
                                                  NORMAL
...................................................................
TEMPERATURE (F)
 YESTERDAY
  MAXIMUM         62    444 PM  81    1966  63     -1       63
  MINIMUM         58    321 AM  34    2009  48     10       46
  AVERAGE         60                        56      4       55

PRECIPITATION (IN)
  YESTERDAY        0.00          1.24 1990   0.15  -0.15     0.00
  MONTH TO DATE    0.00                      0.57  -0.57     0.03
  SINCE OCT 1      0.00                      0.57  -0.57     0.03
  SINCE JAN 1     45.13                     40.95   4.18    44.17

DEGREE DAYS
 HEATING
  YESTERDAY        5                        10     -5       10
  MONTH TO DATE   10                        37    -27       37
  SINCE SEP 1     79                       221   -142      177
  SINCE JUL 1    174                       503   -329      338

 COOLING
  YESTERDAY        0                         0      0        0
  MONTH TO DATE    2                         0      2        0
  SINCE SEP 1     24                         8     16        5
  SINCE JAN 1    103                        25     78       90
...................................................................


WIND (MPH)
  RESULTANT WIND SPEED   4   RESULTANT WIND DIRECTION  SW (230)
  HIGHEST WIND SPEED     9   HIGHEST WIND DIRECTION     W (250)
  HIGHEST GUST SPEED    11   HIGHEST GUST DIRECTION     W (250)
  AVERAGE WIND SPEED     4.6


SKY COVER
  AVERAGE SKY COVER 1.0


WEATHER CONDITIONS
THE FOLLOWING WEATHER WAS RECORDED YESTERDAY.
  FOG
  HAZE


RELATIVE HUMIDITY (PERCENT)
 HIGHEST    93          1200 AM
 LOWEST     75           900 PM
 AVERAGE    84

..........................................................


THE HOQUIAM WA AIRPORT CLIMATE NORMALS FOR TODAY
                         NORMAL    RECORD    YEAR
 MAXIMUM TEMPERATURE (F)   63        79      1953
 MINIMUM TEMPERATURE (F)   48        37      1974
                                             2007
                                             2009


SUNRISE AND SUNSET
OCTOBER  5 2022.......SUNRISE   720 AM PDT   SUNSET   647 PM PDT
OCTOBER  6 2022.......SUNRISE   721 AM PDT   SUNSET   645 PM PDT


-  INDICATES NEGATIVE NUMBERS.
R  INDICATES RECORD WAS SET OR TIED.
MM INDICATES DATA IS MISSING.
T  INDICATES TRACE AMOUNT.




$$
